{"id":6287,"date":"2026-03-17T11:47:28","date_gmt":"2026-03-17T10:47:28","guid":{"rendered":"http:\/\/thsc.pt\/?page_id=6287"},"modified":"2026-03-26T15:53:11","modified_gmt":"2026-03-26T14:53:11","slug":"blackout","status":"publish","type":"page","link":"http:\/\/thsc.pt\/?page_id=6287","title":{"rendered":"Blackout"},"content":{"rendered":"\t\t<div data-elementor-type=\"wp-page\" data-elementor-id=\"6287\" class=\"elementor elementor-6287\" data-elementor-settings=\"[]\">\n\t\t\t\t\t\t<div class=\"elementor-inner\">\n\t\t\t\t\t\t\t<div class=\"elementor-section-wrap\">\n\t\t\t\t\t\t\t<section class=\"elementor-section elementor-top-section elementor-element elementor-element-606bf295 elementor-section-height-min-height elementor-section-boxed elementor-section-height-default elementor-section-items-middle\" data-id=\"606bf295\" data-element_type=\"section\" data-settings=\"{&quot;background_background&quot;:&quot;classic&quot;}\">\n\t\t\t\t\t\t\t<div class=\"elementor-background-overlay\"><\/div>\n\t\t\t\t\t\t\t<div class=\"elementor-container elementor-column-gap-default\">\n\t\t\t\t\t\t\t<div class=\"elementor-row\">\n\t\t\t\t\t<div class=\"elementor-column elementor-col-100 elementor-top-column elementor-element elementor-element-30537923\" data-id=\"30537923\" data-element_type=\"column\">\n\t\t\t<div class=\"elementor-column-wrap elementor-element-populated\">\n\t\t\t\t\t\t\t<div class=\"elementor-widget-wrap\">\n\t\t\t\t\t\t<div class=\"elementor-element elementor-element-5bd4618d elementor-widget elementor-widget-spacer\" data-id=\"5bd4618d\" data-element_type=\"widget\" data-widget_type=\"spacer.default\">\n\t\t\t\t<div class=\"elementor-widget-container\">\n\t\t\t\t\t<div class=\"elementor-spacer\">\n\t\t\t<div class=\"elementor-spacer-inner\"><\/div>\n\t\t<\/div>\n\t\t\t\t<\/div>\n\t\t\t\t<\/div>\n\t\t\t\t<div class=\"elementor-element elementor-element-240db921 elementor-widget elementor-widget-heading\" data-id=\"240db921\" data-element_type=\"widget\" data-widget_type=\"heading.default\">\n\t\t\t\t<div class=\"elementor-widget-container\">\n\t\t\t<h1 class=\"elementor-heading-title elementor-size-large\">BLACKOUT'26<\/h1>\t\t<\/div>\n\t\t\t\t<\/div>\n\t\t\t\t<div class=\"elementor-element elementor-element-96fe706 elementor-widget elementor-widget-text-editor\" data-id=\"96fe706\" data-element_type=\"widget\" data-widget_type=\"text-editor.default\">\n\t\t\t\t<div class=\"elementor-widget-container\">\n\t\t\t\t\t<div class=\"elementor-text-editor elementor-clearfix\"><h2><span style=\"color: #ffffff;\"><strong>31 de mar\u00e7o e 1 de abril de 2026<\/strong><\/span><\/h2><\/div>\n\t\t\t\t<\/div>\n\t\t\t\t<\/div>\n\t\t\t\t<section class=\"elementor-section elementor-inner-section elementor-element elementor-element-3fd9a739 elementor-section-content-middle elementor-section-boxed elementor-section-height-default elementor-section-height-default\" data-id=\"3fd9a739\" data-element_type=\"section\">\n\t\t\t\t\t\t<div class=\"elementor-container elementor-column-gap-extended\">\n\t\t\t\t\t\t\t<div class=\"elementor-row\">\n\t\t\t\t\t<div class=\"elementor-column elementor-col-100 elementor-inner-column elementor-element elementor-element-3e2312d4\" data-id=\"3e2312d4\" data-element_type=\"column\">\n\t\t\t<div class=\"elementor-column-wrap elementor-element-populated\">\n\t\t\t\t\t\t\t<div class=\"elementor-widget-wrap\">\n\t\t\t\t\t\t<div class=\"elementor-element elementor-element-61997428 elementor-widget elementor-widget-text-editor\" data-id=\"61997428\" data-element_type=\"widget\" data-widget_type=\"text-editor.default\">\n\t\t\t\t<div class=\"elementor-widget-container\">\n\t\t\t\t\t<div class=\"elementor-text-editor elementor-clearfix\"><h5><span style=\"color: #ffffff;\"><b><span style=\"font-family: var( --e-global-typography-text-font-family );\">M\/6 | ENTRADA GRATUITA (AT\u00c9 AO LIMITE DA LOTA\u00c7\u00c3O DA SALA)\u00a0<\/span><\/b><\/span><\/h5><\/div>\n\t\t\t\t<\/div>\n\t\t\t\t<\/div>\n\t\t\t\t\t\t<\/div>\n\t\t\t\t\t<\/div>\n\t\t<\/div>\n\t\t\t\t\t\t\t\t<\/div>\n\t\t\t\t\t<\/div>\n\t\t<\/section>\n\t\t\t\t\t\t<\/div>\n\t\t\t\t\t<\/div>\n\t\t<\/div>\n\t\t\t\t\t\t\t\t<\/div>\n\t\t\t\t\t<\/div>\n\t\t<\/section>\n\t\t\t\t<section class=\"elementor-section elementor-top-section elementor-element elementor-element-14c15941 elementor-section-boxed elementor-section-height-default elementor-section-height-default\" data-id=\"14c15941\" data-element_type=\"section\" data-settings=\"{&quot;background_background&quot;:&quot;classic&quot;}\">\n\t\t\t\t\t\t<div class=\"elementor-container elementor-column-gap-default\">\n\t\t\t\t\t\t\t<div class=\"elementor-row\">\n\t\t\t\t\t<div class=\"elementor-column elementor-col-50 elementor-top-column elementor-element elementor-element-36c7bc5a\" data-id=\"36c7bc5a\" data-element_type=\"column\">\n\t\t\t<div class=\"elementor-column-wrap elementor-element-populated\">\n\t\t\t\t\t\t\t<div class=\"elementor-widget-wrap\">\n\t\t\t\t\t\t<div class=\"elementor-element elementor-element-34890e48 elementor-widget elementor-widget-spacer\" data-id=\"34890e48\" data-element_type=\"widget\" data-widget_type=\"spacer.default\">\n\t\t\t\t<div class=\"elementor-widget-container\">\n\t\t\t\t\t<div class=\"elementor-spacer\">\n\t\t\t<div class=\"elementor-spacer-inner\"><\/div>\n\t\t<\/div>\n\t\t\t\t<\/div>\n\t\t\t\t<\/div>\n\t\t\t\t<div class=\"elementor-element elementor-element-1820df14 elementor-widget elementor-widget-text-editor\" data-id=\"1820df14\" data-element_type=\"widget\" data-widget_type=\"text-editor.default\">\n\t\t\t\t<div class=\"elementor-widget-container\">\n\t\t\t\t\t<div class=\"elementor-text-editor elementor-clearfix\"><p class=\"p1\"><span class=\"fontstyle0\">A iniciativa <\/span><strong><span class=\"fontstyle2\">Blackout\/Feedback 2026 <\/span><\/strong><span class=\"fontstyle0\">integra atividades formativas e apresenta\u00e7\u00f5es p\u00fablicas na \u00e1rea da <\/span><span class=\"fontstyle2\">Luz<\/span><span class=\"fontstyle0\">, promovendo a partilha de experi\u00eancias entre profissionais, docentes, estudantes e criadores. O programa combina momentos de forma\u00e7\u00e3o t\u00e9cnica, confer\u00eancias, mesas-redondas e performances art\u00edsticas, refletindo o di\u00e1logo interdisciplinar entre as diferentes artes do espet\u00e1culo.<\/span><\/p><p class=\"p1\"><span class=\"fontstyle0\">Sob o tema <\/span><span class=\"fontstyle2\"><strong>Resson\u00e2ncias &#8211; o Som da Luz<\/strong>, <\/span><span class=\"fontstyle0\">a segunda edi\u00e7\u00e3o do <\/span><strong><span class=\"fontstyle2\">Blackout <\/span><\/strong><span class=\"fontstyle0\">celebra a fus\u00e3o entre som, m\u00fasica, luz e cria\u00e7\u00e3o c\u00e9nica, afirmando-se como um espa\u00e7o de encontro entre a arte e a t\u00e9cnica, entre a perce\u00e7\u00e3o e a emo\u00e7\u00e3o.<br \/><\/span><span class=\"fontstyle0\">Promovido pelo Curso de Luz do departamento de Teatro da <\/span><strong><span class=\"fontstyle2\">Escola Superior de M\u00fasica e Artes do Espet\u00e1culo &#8211; Polit\u00e9cnico do Porto<\/span><\/strong><span class=\"fontstyle0\">, o encontro prop\u00f5e um di\u00e1logo entre o <\/span><strong><span class=\"fontstyle2\">som que ilumina <\/span><\/strong><span class=\"fontstyle0\">e a <\/span><strong><span class=\"fontstyle2\">luz que se faz ouvir<\/span><\/strong><span class=\"fontstyle0\">, explorando as m\u00faltiplas resson\u00e2ncias entre artistas, estudantes e p\u00fablico.<\/span><\/p><p class=\"p1\"><span class=\"fontstyle0\">Cada edi\u00e7\u00e3o do <strong>Blackout<\/strong> \u00e9 uma experi\u00eancia imersiva que desafia fronteiras disciplinares, dando visibilidade \u00e0 experimenta\u00e7\u00e3o e \u00e0 inova\u00e7\u00e3o nas \u00e1reas da <\/span><strong><span class=\"fontstyle2\">ilumina\u00e7\u00e3o, som, performance e tecnologia<\/span><\/strong><span class=\"fontstyle0\">.<br \/><\/span><span class=\"fontstyle0\">\u201cResson\u00e2ncia\u201d simboliza o eco criativo que se propaga entre o palco e a plateia, entre a forma\u00e7\u00e3o e a arte, entre o presente e o que ainda est\u00e1 por vir.<\/span><\/p><p>https:\/\/blackout26.pt\/<\/p><\/div>\n\t\t\t\t<\/div>\n\t\t\t\t<\/div>\n\t\t\t\t\t\t<\/div>\n\t\t\t\t\t<\/div>\n\t\t<\/div>\n\t\t\t\t<div class=\"elementor-column elementor-col-50 elementor-top-column elementor-element elementor-element-6742efb0\" data-id=\"6742efb0\" data-element_type=\"column\" data-settings=\"{&quot;background_background&quot;:&quot;classic&quot;}\">\n\t\t\t<div class=\"elementor-column-wrap elementor-element-populated\">\n\t\t\t\t\t<div class=\"elementor-background-overlay\"><\/div>\n\t\t\t\t\t\t\t<div class=\"elementor-widget-wrap\">\n\t\t\t\t\t\t<div class=\"elementor-element elementor-element-b6f9ff1 elementor-widget elementor-widget-image\" data-id=\"b6f9ff1\" data-element_type=\"widget\" data-widget_type=\"image.default\">\n\t\t\t\t<div class=\"elementor-widget-container\">\n\t\t\t\t\t<div class=\"elementor-image\">\n\t\t\t\t\t\t\t\t\t\t<img width=\"724\" height=\"1024\" src=\"http:\/\/thsc.pt\/wp-content\/uploads\/2026\/03\/cartazb-724x1024.jpeg\" class=\"attachment-large size-large\" alt=\"\" decoding=\"async\" loading=\"lazy\" srcset=\"http:\/\/thsc.pt\/wp-content\/uploads\/2026\/03\/cartazb-724x1024.jpeg 724w, http:\/\/thsc.pt\/wp-content\/uploads\/2026\/03\/cartazb-212x300.jpeg 212w, http:\/\/thsc.pt\/wp-content\/uploads\/2026\/03\/cartazb-768x1086.jpeg 768w, http:\/\/thsc.pt\/wp-content\/uploads\/2026\/03\/cartazb-1086x1536.jpeg 1086w, http:\/\/thsc.pt\/wp-content\/uploads\/2026\/03\/cartazb-1448x2048.jpeg 1448w, http:\/\/thsc.pt\/wp-content\/uploads\/2026\/03\/cartazb-scaled.jpeg 1810w\" sizes=\"(max-width: 724px) 100vw, 724px\" \/>\t\t\t\t\t\t\t\t\t\t\t<\/div>\n\t\t\t\t<\/div>\n\t\t\t\t<\/div>\n\t\t\t\t\t\t<\/div>\n\t\t\t\t\t<\/div>\n\t\t<\/div>\n\t\t\t\t\t\t\t\t<\/div>\n\t\t\t\t\t<\/div>\n\t\t<\/section>\n\t\t\t\t<section class=\"elementor-section elementor-top-section elementor-element elementor-element-5de07353 elementor-section-boxed elementor-section-height-default elementor-section-height-default\" data-id=\"5de07353\" data-element_type=\"section\" data-settings=\"{&quot;background_background&quot;:&quot;classic&quot;}\">\n\t\t\t\t\t\t<div class=\"elementor-container elementor-column-gap-default\">\n\t\t\t\t\t\t\t<div class=\"elementor-row\">\n\t\t\t\t\t\t\t\t\t<\/div>\n\t\t\t\t\t<\/div>\n\t\t<\/section>\n\t\t\t\t<section class=\"elementor-section elementor-top-section elementor-element elementor-element-66ea46c6 elementor-section-full_width elementor-section-height-min-height elementor-section-height-default elementor-section-items-middle\" data-id=\"66ea46c6\" data-element_type=\"section\" data-settings=\"{&quot;background_background&quot;:&quot;classic&quot;}\">\n\t\t\t\t\t\t<div class=\"elementor-container elementor-column-gap-no\">\n\t\t\t\t\t\t\t<div class=\"elementor-row\">\n\t\t\t\t\t<div class=\"elementor-column elementor-col-50 elementor-top-column elementor-element elementor-element-27d244f2\" data-id=\"27d244f2\" data-element_type=\"column\">\n\t\t\t<div class=\"elementor-column-wrap elementor-element-populated\">\n\t\t\t\t\t\t\t<div class=\"elementor-widget-wrap\">\n\t\t\t\t\t\t<div class=\"elementor-element elementor-element-53a4c62a elementor-widget elementor-widget-text-editor\" data-id=\"53a4c62a\" data-element_type=\"widget\" data-widget_type=\"text-editor.default\">\n\t\t\t\t<div class=\"elementor-widget-container\">\n\t\t\t\t\t<div class=\"elementor-text-editor elementor-clearfix\"><blockquote><p class=\"p1\"><span style=\"color: #333333;\"><strong>Programa<\/strong><\/span><\/p><\/blockquote><p class=\"p1\" style=\"padding-left: 40px;\"><span style=\"color: #333333;\"><strong>31 de mar\u00e7o de 2026<\/strong><\/span><br \/><span style=\"color: #333333;\">&#8220;O Som da Luz&#8221;<\/span><\/p><p class=\"p1\" style=\"padding-left: 40px;\"><span style=\"color: #333333;\"><strong>10h00<br \/>Sess\u00e3o de Abertura<\/strong><\/span><\/p><p class=\"p1\" style=\"padding-left: 40px;\"><span style=\"color: #333333;\"><strong>10h15<br \/>Luz e M\u00fasica<\/strong><\/span><\/p><p class=\"p1\" style=\"padding-left: 40px;\"><span style=\"color: #333333;\"><strong>Moderador<\/strong><br \/>Rui Damas<br \/><\/span><span style=\"color: #333333;\"><strong>Participantes<\/strong><br \/>Jo\u00e3o Guedes<br \/><\/span><span style=\"color: #333333;\">Cristina Piedade<br \/>Pedro Leston<\/span><\/p><p class=\"p1\" style=\"padding-left: 40px;\"><span style=\"color: #333333;\"><strong>11h30<br \/>Coffee Break<\/strong><\/span><\/p><p class=\"p1\" style=\"padding-left: 40px;\"><span style=\"color: #333333;\"><strong>12h00<br \/>Palestra<br \/><\/strong><\/span><span style=\"color: #333333;\">Pedro Cabral<br \/><\/span><\/p><p class=\"p1\" style=\"padding-left: 40px;\"><span style=\"color: #333333;\"><span class=\"fontstyle2\">Reflex\u00e3o sobre a po\u00e9tica da ilumina\u00e7\u00e3o nas artes performativas em Portugal, analisando pr\u00e1ticas contempor\u00e2neas a partir da sua investiga\u00e7\u00e3o acad\u00e9mica.<\/span><\/span><\/p><p class=\"p1\" style=\"padding-left: 40px;\"><span style=\"color: #333333;\"><strong>14h30<br \/>Performance Musical<br \/><\/strong><\/span><\/p><p class=\"p1\" style=\"padding-left: 40px;\"><span style=\"color: #333333;\"><strong>Moderador<br \/><\/strong>Cl\u00e1udia Marisa<br \/><\/span><span style=\"color: #333333;\"><strong>Participantes<br \/><\/strong><\/span><span style=\"color: #333333;\">J\u00falio Cerdeira<br \/>Paulo Lages<br \/>Pedro Lamares<br \/>Bruno Galv\u00e3o<br \/>Victor Hugo Pontes<\/span><\/p><p class=\"p1\" style=\"padding-left: 40px;\"><span style=\"color: #333333;\">Conversa centrada na performance musical enquanto experi\u00eancia c\u00e9nica, analisando o papel da luz, do corpo e do espa\u00e7o na cria\u00e7\u00e3o art\u00edstica.<\/span><\/p><p class=\"p1\" style=\"padding-left: 40px;\"><span style=\"color: #333333;\"><strong>16h00<br \/>Coffee Break<\/strong><\/span><\/p><p class=\"p1\" style=\"padding-left: 40px;\"><span style=\"color: #333333;\"><strong>16h30<br \/>Palestra<br \/><\/strong>Ricardo Dias<br \/><em>Cueing The Future: O Impacto do AI<\/em><\/span><\/p><p class=\"p1\" style=\"padding-left: 40px;\"><span style=\"color: #333333;\">A Intelig\u00eancia Artificial faz ra\u00edzes-quadradas em nanossegundos, mas ser\u00e1 que entende a emo\u00e7\u00e3o de uma cena? O foco est\u00e1 a mudar. \u00c0 medida que o AI entra no mundo do design de ilumina\u00e7\u00e3o, as fronteiras entre o digital e o f\u00edsico tornam-se cada vez mais t\u00e9nues. Esta palestra explora a interse\u00e7\u00e3o entre algoritmos e atmosfera, analisando como a IA est\u00e1 a otimizar fluxos de trabalho t\u00e9cnicos e a abrir possibilidades criativas totalmente novas para os designers.<\/span><\/p><\/div>\n\t\t\t\t<\/div>\n\t\t\t\t<\/div>\n\t\t\t\t\t\t<\/div>\n\t\t\t\t\t<\/div>\n\t\t<\/div>\n\t\t\t\t<div class=\"elementor-column elementor-col-50 elementor-top-column elementor-element elementor-element-65f0fa47\" data-id=\"65f0fa47\" data-element_type=\"column\">\n\t\t\t<div class=\"elementor-column-wrap elementor-element-populated\">\n\t\t\t\t\t\t\t<div class=\"elementor-widget-wrap\">\n\t\t\t\t\t\t<div class=\"elementor-element elementor-element-6244e4de elementor-widget elementor-widget-text-editor\" data-id=\"6244e4de\" data-element_type=\"widget\" data-widget_type=\"text-editor.default\">\n\t\t\t\t<div class=\"elementor-widget-container\">\n\t\t\t\t\t<div class=\"elementor-text-editor elementor-clearfix\"><p class=\"p1\" style=\"padding-left: 40px;\"><span style=\"color: #333333;\"><strong>1 de abril de 2026<\/strong><\/span><br \/><span style=\"color: #333333;\">&#8220;Resson\u00e2ncias&#8221;<\/span><\/p><p class=\"p1\" style=\"padding-left: 40px;\"><span style=\"color: #333333;\"><strong>10h00<br \/>Masterclass<br \/><\/strong><\/span><span style=\"color: #333333;\">Tim Routledge<\/span><\/p><p class=\"p1\" style=\"padding-left: 40px;\"><span style=\"color: #333333;\"><strong>11h30<br \/>Coffee Break<\/strong><\/span><\/p><p class=\"p1\" style=\"padding-left: 40px;\"><span style=\"color: #333333;\"><strong>12h00<br \/><\/strong><\/span><span style=\"color: #333333;\"><strong>Masterclass<br \/><\/strong><\/span><span style=\"color: #333333;\">V\u00edtor Azevedo<br \/><em>A M\u00fasica cria o Imagin\u00e1rio, a Luz torna-o Real<\/em><\/span><\/p><p class=\"p1\" style=\"padding-left: 40px;\"><span style=\"color: #333333;\">O que separa um simples concerto de uma experi\u00eancia inesquec\u00edvel \u00e9 a capacidade de materializar uma vis\u00e3o.<\/span><\/p><p class=\"p1\" style=\"padding-left: 40px;\"><span style=\"color: #333333;\"><strong>14h30<br \/>Luz e V\u00eddeo na M\u00fasica<\/strong><\/span><\/p><p class=\"p1\" style=\"padding-left: 40px;\"><span style=\"color: #333333;\"><strong>Moderador<br \/><\/strong>Pedro Cabral<br \/><\/span><span style=\"color: #333333;\"><strong>Participantes<br \/><\/strong><\/span><span style=\"color: #333333;\">Marco Dias<br \/>Ramiro Martins<br \/>Diogo Mendes<br \/>Jo\u00e3o Rosa<br \/>V\u00edtor Azevedo<\/span><\/p><p class=\"p1\" style=\"padding-left: 40px;\"><span style=\"color: #333333;\">Mesa-redonda dedicada \u00e0 integra\u00e7\u00e3o do v\u00eddeo e da luz no espet\u00e1culo ao vivo, cruzando mapeamento, cenografia e design de palco.<\/span><\/p><p class=\"p1\" style=\"padding-left: 40px;\"><span style=\"color: #333333;\"><strong>16h00<br \/>Coffee Break<\/strong><\/span><\/p><p class=\"p1\" style=\"padding-left: 40px;\"><span style=\"color: #333333;\"><strong>16h30<br \/>Pr\u00e9mio Carreira Francisco Beja<br \/>Sess\u00e3o de Encerramento do Blackout&#8217;26<br \/><\/strong><\/span><\/p><p class=\"p1\" style=\"padding-left: 40px;\">\u00a0<\/p><\/div>\n\t\t\t\t<\/div>\n\t\t\t\t<\/div>\n\t\t\t\t\t\t<\/div>\n\t\t\t\t\t<\/div>\n\t\t<\/div>\n\t\t\t\t\t\t\t\t<\/div>\n\t\t\t\t\t<\/div>\n\t\t<\/section>\n\t\t\t\t<section class=\"elementor-section elementor-top-section elementor-element elementor-element-66e9b41f elementor-section-full_width elementor-section-stretched elementor-section-height-default elementor-section-height-default\" data-id=\"66e9b41f\" data-element_type=\"section\" data-settings=\"{&quot;stretch_section&quot;:&quot;section-stretched&quot;,&quot;background_background&quot;:&quot;classic&quot;}\">\n\t\t\t\t\t\t<div class=\"elementor-container elementor-column-gap-default\">\n\t\t\t\t\t\t\t<div class=\"elementor-row\">\n\t\t\t\t\t<div class=\"elementor-column elementor-col-100 elementor-top-column elementor-element elementor-element-614028e9\" data-id=\"614028e9\" data-element_type=\"column\">\n\t\t\t<div class=\"elementor-column-wrap elementor-element-populated\">\n\t\t\t\t\t\t\t<div class=\"elementor-widget-wrap\">\n\t\t\t\t\t\t<div class=\"elementor-element elementor-element-55510f69 elementor-widget elementor-widget-gallery\" data-id=\"55510f69\" data-element_type=\"widget\" data-settings=\"{&quot;gallery_layout&quot;:&quot;masonry&quot;,&quot;columns&quot;:2,&quot;columns_tablet&quot;:3,&quot;columns_mobile&quot;:2,&quot;lazyload&quot;:&quot;yes&quot;,&quot;gap&quot;:{&quot;unit&quot;:&quot;px&quot;,&quot;size&quot;:10,&quot;sizes&quot;:[]},&quot;gap_tablet&quot;:{&quot;unit&quot;:&quot;px&quot;,&quot;size&quot;:10,&quot;sizes&quot;:[]},&quot;gap_mobile&quot;:{&quot;unit&quot;:&quot;px&quot;,&quot;size&quot;:10,&quot;sizes&quot;:[]},&quot;overlay_background&quot;:&quot;yes&quot;,&quot;content_hover_animation&quot;:&quot;fade-in&quot;}\" data-widget_type=\"gallery.default\">\n\t\t\t\t<div class=\"elementor-widget-container\">\n\t\t\t\t\t<div class=\"elementor-gallery__container\">\n\t\t\t\t\t\t\t<div class=\"e-gallery-item elementor-gallery-item elementor-animated-content\">\n\t\t\t\t\t<div class=\"e-gallery-image elementor-gallery-item__image\" data-thumbnail=\"http:\/\/thsc.pt\/wp-content\/uploads\/2020\/08\/thsc1-1024x576.jpg\" data-width=\"1024\" data-height=\"576\" alt=\"\" ><\/div>\n\t\t\t\t\t\t\t\t\t\t<div class=\"elementor-gallery-item__overlay\"><\/div>\n\t\t\t\t\t\t\t\t\t\t\t\t\t\t<\/div>\n\t\t\t\t\t\t\t<div class=\"e-gallery-item elementor-gallery-item elementor-animated-content\">\n\t\t\t\t\t<div class=\"e-gallery-image elementor-gallery-item__image\" data-thumbnail=\"http:\/\/thsc.pt\/wp-content\/uploads\/2020\/08\/thsc_2-768x432-1.jpg\" data-width=\"768\" data-height=\"432\" alt=\"\" ><\/div>\n\t\t\t\t\t\t\t\t\t\t<div class=\"elementor-gallery-item__overlay\"><\/div>\n\t\t\t\t\t\t\t\t\t\t\t\t\t\t<\/div>\n\t\t\t\t\t<\/div>\n\t\t\t<\/div>\n\t\t\t\t<\/div>\n\t\t\t\t\t\t<\/div>\n\t\t\t\t\t<\/div>\n\t\t<\/div>\n\t\t\t\t\t\t\t\t<\/div>\n\t\t\t\t\t<\/div>\n\t\t<\/section>\n\t\t\t\t\t\t<\/div>\n\t\t\t\t\t\t<\/div>\n\t\t\t\t\t<\/div>\n\t\t","protected":false},"excerpt":{"rendered":"<p>BLACKOUT&#8217;26 31 de mar\u00e7o e 1 de abril de 2026 M\/6 | ENTRADA GRATUITA (AT\u00c9 AO LIMITE DA LOTA\u00c7\u00c3O DA [&hellip;]<\/p>\n","protected":false},"author":3,"featured_media":6290,"parent":0,"menu_order":0,"comment_status":"closed","ping_status":"closed","template":"","meta":[],"_links":{"self":[{"href":"http:\/\/thsc.pt\/index.php?rest_route=\/wp\/v2\/pages\/6287"}],"collection":[{"href":"http:\/\/thsc.pt\/index.php?rest_route=\/wp\/v2\/pages"}],"about":[{"href":"http:\/\/thsc.pt\/index.php?rest_route=\/wp\/v2\/types\/page"}],"author":[{"embeddable":true,"href":"http:\/\/thsc.pt\/index.php?rest_route=\/wp\/v2\/users\/3"}],"replies":[{"embeddable":true,"href":"http:\/\/thsc.pt\/index.php?rest_route=%2Fwp%2Fv2%2Fcomments&post=6287"}],"version-history":[{"count":8,"href":"http:\/\/thsc.pt\/index.php?rest_route=\/wp\/v2\/pages\/6287\/revisions"}],"predecessor-version":[{"id":6354,"href":"http:\/\/thsc.pt\/index.php?rest_route=\/wp\/v2\/pages\/6287\/revisions\/6354"}],"wp:featuredmedia":[{"embeddable":true,"href":"http:\/\/thsc.pt\/index.php?rest_route=\/wp\/v2\/media\/6290"}],"wp:attachment":[{"href":"http:\/\/thsc.pt\/index.php?rest_route=%2Fwp%2Fv2%2Fmedia&parent=6287"}],"curies":[{"name":"wp","href":"https:\/\/api.w.org\/{rel}","templated":true}]}}