{"id":6222,"date":"2026-02-20T16:56:26","date_gmt":"2026-02-20T15:56:26","guid":{"rendered":"http:\/\/thsc.pt\/?page_id=6222"},"modified":"2026-03-26T21:39:28","modified_gmt":"2026-03-26T20:39:28","slug":"20-anos-de-musica-contemporanea","status":"publish","type":"page","link":"http:\/\/thsc.pt\/?page_id=6222","title":{"rendered":"20 anos de m\u00fasica contempor\u00e2nea"},"content":{"rendered":"\t\t<div data-elementor-type=\"wp-page\" data-elementor-id=\"6222\" class=\"elementor elementor-6222\" data-elementor-settings=\"[]\">\n\t\t\t\t\t\t<div class=\"elementor-inner\">\n\t\t\t\t\t\t\t<div class=\"elementor-section-wrap\">\n\t\t\t\t\t\t\t<section class=\"elementor-section elementor-top-section elementor-element elementor-element-136ad902 elementor-section-height-min-height elementor-section-boxed elementor-section-height-default elementor-section-items-middle\" data-id=\"136ad902\" data-element_type=\"section\" data-settings=\"{&quot;background_background&quot;:&quot;classic&quot;}\">\n\t\t\t\t\t\t\t<div class=\"elementor-background-overlay\"><\/div>\n\t\t\t\t\t\t\t<div class=\"elementor-container elementor-column-gap-default\">\n\t\t\t\t\t\t\t<div class=\"elementor-row\">\n\t\t\t\t\t<div class=\"elementor-column elementor-col-100 elementor-top-column elementor-element elementor-element-33accf23\" data-id=\"33accf23\" data-element_type=\"column\">\n\t\t\t<div class=\"elementor-column-wrap elementor-element-populated\">\n\t\t\t\t\t\t\t<div class=\"elementor-widget-wrap\">\n\t\t\t\t\t\t<div class=\"elementor-element elementor-element-37e60285 elementor-widget elementor-widget-spacer\" data-id=\"37e60285\" data-element_type=\"widget\" data-widget_type=\"spacer.default\">\n\t\t\t\t<div class=\"elementor-widget-container\">\n\t\t\t\t\t<div class=\"elementor-spacer\">\n\t\t\t<div class=\"elementor-spacer-inner\"><\/div>\n\t\t<\/div>\n\t\t\t\t<\/div>\n\t\t\t\t<\/div>\n\t\t\t\t<div class=\"elementor-element elementor-element-2d272dc1 elementor-widget elementor-widget-heading\" data-id=\"2d272dc1\" data-element_type=\"widget\" data-widget_type=\"heading.default\">\n\t\t\t\t<div class=\"elementor-widget-container\">\n\t\t\t<h1 class=\"elementor-heading-title elementor-size-large\">20 ANOS DE M\u00daSICA CONTEMPOR\u00c2NEA<\/h1>\t\t<\/div>\n\t\t\t\t<\/div>\n\t\t\t\t<div class=\"elementor-element elementor-element-238ee2ec elementor-widget elementor-widget-text-editor\" data-id=\"238ee2ec\" data-element_type=\"widget\" data-widget_type=\"text-editor.default\">\n\t\t\t\t<div class=\"elementor-widget-container\">\n\t\t\t\t\t<div class=\"elementor-text-editor elementor-clearfix\"><h2><strong><span style=\"color: #ffffff;\">26 de mar\u00e7o de 2026<\/span><\/strong><\/h2><p><strong><span style=\"color: #ffffff;\">21h00<\/span><\/strong><\/p><\/div>\n\t\t\t\t<\/div>\n\t\t\t\t<\/div>\n\t\t\t\t<section class=\"elementor-section elementor-inner-section elementor-element elementor-element-2a10ff55 elementor-section-content-middle elementor-section-boxed elementor-section-height-default elementor-section-height-default\" data-id=\"2a10ff55\" data-element_type=\"section\">\n\t\t\t\t\t\t<div class=\"elementor-container elementor-column-gap-extended\">\n\t\t\t\t\t\t\t<div class=\"elementor-row\">\n\t\t\t\t\t<div class=\"elementor-column elementor-col-100 elementor-inner-column elementor-element elementor-element-26cdbdd3\" data-id=\"26cdbdd3\" data-element_type=\"column\">\n\t\t\t<div class=\"elementor-column-wrap elementor-element-populated\">\n\t\t\t\t\t\t\t<div class=\"elementor-widget-wrap\">\n\t\t\t\t\t\t<div class=\"elementor-element elementor-element-40065418 elementor-widget elementor-widget-text-editor\" data-id=\"40065418\" data-element_type=\"widget\" data-widget_type=\"text-editor.default\">\n\t\t\t\t<div class=\"elementor-widget-container\">\n\t\t\t\t\t<div class=\"elementor-text-editor elementor-clearfix\"><h5><b><span style=\"font-family: var( --e-global-typography-text-font-family );\"><span style=\"color: #ffffff;\">M\/6 | BILHETES : 5,00 EUROS<\/span>\u00a0<\/span><\/b><\/h5><\/div>\n\t\t\t\t<\/div>\n\t\t\t\t<\/div>\n\t\t\t\t\t\t<\/div>\n\t\t\t\t\t<\/div>\n\t\t<\/div>\n\t\t\t\t\t\t\t\t<\/div>\n\t\t\t\t\t<\/div>\n\t\t<\/section>\n\t\t\t\t\t\t<\/div>\n\t\t\t\t\t<\/div>\n\t\t<\/div>\n\t\t\t\t\t\t\t\t<\/div>\n\t\t\t\t\t<\/div>\n\t\t<\/section>\n\t\t\t\t<section class=\"elementor-section elementor-top-section elementor-element elementor-element-30dade9b elementor-section-boxed elementor-section-height-default elementor-section-height-default\" data-id=\"30dade9b\" data-element_type=\"section\" data-settings=\"{&quot;background_background&quot;:&quot;classic&quot;}\">\n\t\t\t\t\t\t<div class=\"elementor-container elementor-column-gap-default\">\n\t\t\t\t\t\t\t<div class=\"elementor-row\">\n\t\t\t\t\t<div class=\"elementor-column elementor-col-50 elementor-top-column elementor-element elementor-element-48c61f37\" data-id=\"48c61f37\" data-element_type=\"column\">\n\t\t\t<div class=\"elementor-column-wrap elementor-element-populated\">\n\t\t\t\t\t\t\t<div class=\"elementor-widget-wrap\">\n\t\t\t\t\t\t<div class=\"elementor-element elementor-element-34855a66 elementor-widget elementor-widget-spacer\" data-id=\"34855a66\" data-element_type=\"widget\" data-widget_type=\"spacer.default\">\n\t\t\t\t<div class=\"elementor-widget-container\">\n\t\t\t\t\t<div class=\"elementor-spacer\">\n\t\t\t<div class=\"elementor-spacer-inner\"><\/div>\n\t\t<\/div>\n\t\t\t\t<\/div>\n\t\t\t\t<\/div>\n\t\t\t\t<div class=\"elementor-element elementor-element-29452d28 elementor-widget elementor-widget-text-editor\" data-id=\"29452d28\" data-element_type=\"widget\" data-widget_type=\"text-editor.default\">\n\t\t\t\t<div class=\"elementor-widget-container\">\n\t\t\t\t\t<div class=\"elementor-text-editor elementor-clearfix\"><p class=\"p1\"><strong><span class=\"fontstyle0\">S\u00edntese \u2013 Grupo de M\u00fasica Contempor\u00e2nea<\/span><\/strong><\/p><p class=\"p1\"><span class=\"fontstyle2\">Constitu\u00eddo em 2006, o S\u00edntese \u2013 Grupo de M\u00fasica Contempor\u00e2nea (S\u00edntese \u2013 GMC) \u00e9 um dos mais activos grupos de m\u00fasica contempor\u00e2nea em Portugal. Desde a sua funda\u00e7\u00e3o fez a estreia absoluta de mais de 70 obras, na sua maioria resultado de encomendas a compositores portugueses ou radicados em Portugal de diferentes gera\u00e7\u00f5es e vis\u00f5es est\u00e9ticas, tais como Jo\u00e3o Pedro Oliveira, C\u00e2ndido Lima, Eduardo Lu\u00eds Patriarca, Hugo Vasco Reis, S\u00e9rgio Azevedo, Pedro Amaral, Christopher Bochmann, Am\u00edlcar Vasques Dias, Jos\u00e9 Carlos Sousa, Jaime Reis, Dimitris Andrikopoulos, Fernando Lapa, Ant\u00f3nio Chagas Rosa, \u00c2ngela Lopes, Ana Seara, Vasco Mendon\u00e7a, Sara Carvalho, In\u00e8s Badalo, Tiago Derri\u00e7a, Carlos Marecos ou \u00c2ngela da Ponte, entre muitos outros.<\/span><\/p><p class=\"p1\"><span class=\"fontstyle2\">O S\u00edntese estreou tamb\u00e9m a pe\u00e7a <\/span><em><span class=\"fontstyle3\">Itinerario <\/span><\/em><span class=\"fontstyle2\">do compositor espanhol Jes\u00fas Torres, uma encomenda da <\/span><em><span class=\"fontstyle3\">Sociedad Filarm\u00f3nica de Badajoz <\/span><\/em><span class=\"fontstyle2\">no \u00e2mbito do <\/span><em><span class=\"fontstyle3\">XII Ciclo de M\u00fasica Actual <\/span><\/em><span class=\"fontstyle2\">daquela cidade.<\/span><\/p><p class=\"p1\"><span class=\"fontstyle2\">Desde 2007 tem vindo a organizar festival hom\u00f3nimo \u201cS\u00edntese\u201d. Nas suas 19 edi\u00e7\u00f5es este festival contou com nomes relevantes da cena musical contempor\u00e2nea nacional e internacional, para al\u00e9m de um conjunto de actividades de natureza pedag\u00f3gica e de enquadramento no meio social em que se realiza.<\/span><\/p><p class=\"p1\"><span class=\"fontstyle2\">Entre as actividades pioneiras do S\u00edntese \u2013 GMC destacam-se a realiza\u00e7\u00e3o do projecto de cria\u00e7\u00e3o em contexto comunit\u00e1rio rural \u201cVanguarda na Aldeia\u201d e o Concurso Nacional de Interpreta\u00e7\u00e3o Contempor\u00e2nea.<\/span><\/p><p class=\"p1\"><span class=\"fontstyle2\">O S\u00edntese &#8211; GMC levou j\u00e1 a m\u00fasica contempor\u00e2nea portuguesa a Madrid, Sevilha, Badajoz (Espanha), Estrasburgo (Fran\u00e7a), Rio de Janeiro, S\u00e3o Paulo, Salvador, Belo Horizonte, Bras\u00edlia, Goi\u00e2nia (Brasil), Olomouc (Rep\u00fablica Checa), Mil\u00e3o (It\u00e1lia), La Habana (Cuba), Thessalonica (Gr\u00e9cia) e Harbin (China).<\/span><\/p><p class=\"p1\"><span class=\"fontstyle2\">O S\u00edntese \u2013 GMC editou dois CD: &#8220;2010&#8221;, com obras de C. Bochmann, A. Vasques Dias, J. Carlos Sousa e E. Patriarca (em 2010), e \u201cPoiesis\u201d, com obras de A. Chagas Rosa, C. Bochmann, A. Pinho Vargas e F. Lapa (em 2019).<\/span><\/p><p class=\"p1\"><span class=\"fontstyle2\">O S\u00edntese mant\u00e9m rela\u00e7\u00f5es estreitas com v\u00e1rios munic\u00edpios portugueses, conservat\u00f3rios, escolas profissionais de m\u00fasica, e universidades como a Universidade Polit\u00e9cnica ESART de Castelo Branco.<\/span><\/p><p class=\"p1\"><span class=\"fontstyle2\">O trabalho do S\u00edntese foi reconhecido pelo Governo Portugu\u00eas e o grupo \u00e9 financiado pelo Minist\u00e9rio da Cultura, Juventude e Desporto para os quadri\u00e9nios de 2023 &#8211; 2026, e de 2027 &#8211; 2030.<\/span><\/p><\/div>\n\t\t\t\t<\/div>\n\t\t\t\t<\/div>\n\t\t\t\t\t\t<\/div>\n\t\t\t\t\t<\/div>\n\t\t<\/div>\n\t\t\t\t<div class=\"elementor-column elementor-col-50 elementor-top-column elementor-element elementor-element-6cfe45a5\" data-id=\"6cfe45a5\" data-element_type=\"column\" data-settings=\"{&quot;background_background&quot;:&quot;classic&quot;}\">\n\t\t\t<div class=\"elementor-column-wrap elementor-element-populated\">\n\t\t\t\t\t<div class=\"elementor-background-overlay\"><\/div>\n\t\t\t\t\t\t\t<div class=\"elementor-widget-wrap\">\n\t\t\t\t\t\t<div class=\"elementor-element elementor-element-58d898f elementor-widget elementor-widget-image\" data-id=\"58d898f\" data-element_type=\"widget\" data-widget_type=\"image.default\">\n\t\t\t\t<div class=\"elementor-widget-container\">\n\t\t\t\t\t<div class=\"elementor-image\">\n\t\t\t\t\t\t\t\t\t\t<img width=\"724\" height=\"1024\" src=\"http:\/\/thsc.pt\/wp-content\/uploads\/2026\/03\/cartazsintese-724x1024.jpg\" class=\"attachment-large size-large\" alt=\"\" decoding=\"async\" loading=\"lazy\" srcset=\"http:\/\/thsc.pt\/wp-content\/uploads\/2026\/03\/cartazsintese-724x1024.jpg 724w, http:\/\/thsc.pt\/wp-content\/uploads\/2026\/03\/cartazsintese-212x300.jpg 212w, http:\/\/thsc.pt\/wp-content\/uploads\/2026\/03\/cartazsintese-768x1086.jpg 768w, http:\/\/thsc.pt\/wp-content\/uploads\/2026\/03\/cartazsintese-1086x1536.jpg 1086w, http:\/\/thsc.pt\/wp-content\/uploads\/2026\/03\/cartazsintese-1448x2048.jpg 1448w, http:\/\/thsc.pt\/wp-content\/uploads\/2026\/03\/cartazsintese-scaled.jpg 1810w\" sizes=\"(max-width: 724px) 100vw, 724px\" \/>\t\t\t\t\t\t\t\t\t\t\t<\/div>\n\t\t\t\t<\/div>\n\t\t\t\t<\/div>\n\t\t\t\t\t\t<\/div>\n\t\t\t\t\t<\/div>\n\t\t<\/div>\n\t\t\t\t\t\t\t\t<\/div>\n\t\t\t\t\t<\/div>\n\t\t<\/section>\n\t\t\t\t<section class=\"elementor-section elementor-top-section elementor-element elementor-element-3946711e elementor-section-boxed elementor-section-height-default elementor-section-height-default\" data-id=\"3946711e\" data-element_type=\"section\" data-settings=\"{&quot;background_background&quot;:&quot;classic&quot;}\">\n\t\t\t\t\t\t<div class=\"elementor-container elementor-column-gap-default\">\n\t\t\t\t\t\t\t<div class=\"elementor-row\">\n\t\t\t\t\t\t\t\t\t<\/div>\n\t\t\t\t\t<\/div>\n\t\t<\/section>\n\t\t\t\t<section class=\"elementor-section elementor-top-section elementor-element elementor-element-753e1436 elementor-section-full_width elementor-section-height-min-height elementor-section-height-default elementor-section-items-middle\" data-id=\"753e1436\" data-element_type=\"section\" data-settings=\"{&quot;background_background&quot;:&quot;classic&quot;}\">\n\t\t\t\t\t\t<div class=\"elementor-container elementor-column-gap-no\">\n\t\t\t\t\t\t\t<div class=\"elementor-row\">\n\t\t\t\t\t<div class=\"elementor-column elementor-col-50 elementor-top-column elementor-element elementor-element-7e75264a\" data-id=\"7e75264a\" data-element_type=\"column\">\n\t\t\t<div class=\"elementor-column-wrap elementor-element-populated\">\n\t\t\t\t\t\t\t<div class=\"elementor-widget-wrap\">\n\t\t\t\t\t\t<div class=\"elementor-element elementor-element-7fbe03c3 elementor-widget elementor-widget-text-editor\" data-id=\"7fbe03c3\" data-element_type=\"widget\" data-widget_type=\"text-editor.default\">\n\t\t\t\t<div class=\"elementor-widget-container\">\n\t\t\t\t\t<div class=\"elementor-text-editor elementor-clearfix\"><blockquote><p class=\"p1\"><span style=\"color: #333333;\"><strong>Equipa Criativa e Art\u00edstica<\/strong><\/span><\/p><\/blockquote><p class=\"p1\" style=\"padding-left: 40px;\"><span style=\"color: #333333;\"><strong>Maestro<\/strong><\/span><br \/><span style=\"color: #333333;\">Yan Mikirtumov<\/span><\/p><p class=\"p1\" style=\"padding-left: 40px;\"><span style=\"color: #333333;\"><strong>Voz Soprano<\/strong><br \/>Helena Neves<\/span><\/p><p class=\"p1\" style=\"padding-left: 40px;\"><span style=\"color: #333333;\"><strong>Saxofones<\/strong><\/span><br \/><span style=\"color: #333333;\">Carlos Canhoto<\/span><\/p><p class=\"p1\" style=\"padding-left: 40px;\"><span style=\"color: #333333;\"><strong>Acorde\u00e3o<\/strong><br \/>Francisco Martins<\/span><\/p><p class=\"p1\" style=\"padding-left: 40px;\"><span style=\"color: #333333;\"><strong>Violino I<\/strong><br \/>Gustavo Delgado<\/span><\/p><p class=\"p1\" style=\"padding-left: 40px;\"><span style=\"color: #333333;\"><strong>Violino II<\/strong><br \/>Alfeu Carneiro<\/span><\/p><p class=\"p1\" style=\"padding-left: 40px;\"><span style=\"color: #333333;\"><strong>Viola<\/strong><br \/>Jo\u00e3o Mendes<\/span><\/p><p class=\"p1\" style=\"padding-left: 40px;\"><span style=\"color: #333333;\"><strong>Violoncelo<\/strong><br \/>Rog\u00e9rio Peixinho<\/span><\/p><p class=\"p1\" style=\"padding-left: 40px;\"><span style=\"color: #333333;\"><strong>Produ\u00e7\u00e3o<\/strong><br \/>S\u00edntese &#8211; Grupo de M\u00fasica Contempor\u00e2nea<br \/><\/span><\/p><\/div>\n\t\t\t\t<\/div>\n\t\t\t\t<\/div>\n\t\t\t\t\t\t<\/div>\n\t\t\t\t\t<\/div>\n\t\t<\/div>\n\t\t\t\t<div class=\"elementor-column elementor-col-50 elementor-top-column elementor-element elementor-element-534b2f83\" data-id=\"534b2f83\" data-element_type=\"column\">\n\t\t\t<div class=\"elementor-column-wrap elementor-element-populated\">\n\t\t\t\t\t\t\t<div class=\"elementor-widget-wrap\">\n\t\t\t\t\t\t<div class=\"elementor-element elementor-element-32f322a0 elementor-widget elementor-widget-text-editor\" data-id=\"32f322a0\" data-element_type=\"widget\" data-widget_type=\"text-editor.default\">\n\t\t\t\t<div class=\"elementor-widget-container\">\n\t\t\t\t\t<div class=\"elementor-text-editor elementor-clearfix\"><p class=\"p1\" style=\"padding-left: 40px;\"><span style=\"color: #333333;\"><strong>Dire\u00e7\u00e3o Executiva<\/strong><\/span><br \/><span style=\"color: #333333;\">Helena Neves<\/span><\/p><p class=\"p1\" style=\"padding-left: 40px;\"><span style=\"color: #333333;\"><strong>Dire\u00e7\u00e3o Art\u00edstica<\/strong><br \/>Carlos Canhoto<br \/>Gustavo Delgado<\/span><\/p><p class=\"p1\" style=\"padding-left: 40px;\"><span style=\"color: #333333;\"><strong>Dire\u00e7\u00e3o de Produ\u00e7\u00e3o e Imagem<\/strong><\/span><br \/><span style=\"color: #333333;\">Alexandre Costa<\/span><\/p><p class=\"p1\" style=\"padding-left: 40px;\"><span style=\"color: #333333;\"><strong>Design<\/strong><br \/>Ana Lobo<\/span><\/p><p class=\"p1\" style=\"padding-left: 40px;\"><span style=\"color: #333333;\"><strong>Apoio<\/strong><\/span><br \/><span style=\"color: #333333;\">Rep\u00fablica Portuguesa &#8211; Cultura, Juventude e Desporto<\/span><br \/><span style=\"color: #333333;\">DGArtes &#8211; Dire\u00e7\u00e3o-Geral das Artes<\/span><\/p><\/div>\n\t\t\t\t<\/div>\n\t\t\t\t<\/div>\n\t\t\t\t\t\t<\/div>\n\t\t\t\t\t<\/div>\n\t\t<\/div>\n\t\t\t\t\t\t\t\t<\/div>\n\t\t\t\t\t<\/div>\n\t\t<\/section>\n\t\t\t\t<section class=\"elementor-section elementor-top-section elementor-element elementor-element-629199cf elementor-section-full_width elementor-section-stretched elementor-section-height-default elementor-section-height-default\" data-id=\"629199cf\" data-element_type=\"section\" data-settings=\"{&quot;stretch_section&quot;:&quot;section-stretched&quot;,&quot;background_background&quot;:&quot;classic&quot;}\">\n\t\t\t\t\t\t<div class=\"elementor-container elementor-column-gap-default\">\n\t\t\t\t\t\t\t<div class=\"elementor-row\">\n\t\t\t\t\t<div class=\"elementor-column elementor-col-100 elementor-top-column elementor-element elementor-element-3d59bd1\" data-id=\"3d59bd1\" data-element_type=\"column\">\n\t\t\t<div class=\"elementor-column-wrap elementor-element-populated\">\n\t\t\t\t\t\t\t<div class=\"elementor-widget-wrap\">\n\t\t\t\t\t\t<div class=\"elementor-element elementor-element-59baf19d elementor-widget elementor-widget-gallery\" data-id=\"59baf19d\" data-element_type=\"widget\" data-settings=\"{&quot;gallery_layout&quot;:&quot;masonry&quot;,&quot;columns&quot;:2,&quot;columns_tablet&quot;:3,&quot;columns_mobile&quot;:2,&quot;lazyload&quot;:&quot;yes&quot;,&quot;gap&quot;:{&quot;unit&quot;:&quot;px&quot;,&quot;size&quot;:10,&quot;sizes&quot;:[]},&quot;gap_tablet&quot;:{&quot;unit&quot;:&quot;px&quot;,&quot;size&quot;:10,&quot;sizes&quot;:[]},&quot;gap_mobile&quot;:{&quot;unit&quot;:&quot;px&quot;,&quot;size&quot;:10,&quot;sizes&quot;:[]},&quot;overlay_background&quot;:&quot;yes&quot;,&quot;content_hover_animation&quot;:&quot;fade-in&quot;}\" data-widget_type=\"gallery.default\">\n\t\t\t\t<div class=\"elementor-widget-container\">\n\t\t\t\t\t<div class=\"elementor-gallery__container\">\n\t\t\t\t\t\t\t<div class=\"e-gallery-item elementor-gallery-item elementor-animated-content\">\n\t\t\t\t\t<div class=\"e-gallery-image elementor-gallery-item__image\" data-thumbnail=\"http:\/\/thsc.pt\/wp-content\/uploads\/2020\/08\/thsc1-1024x576.jpg\" data-width=\"1024\" data-height=\"576\" alt=\"\" ><\/div>\n\t\t\t\t\t\t\t\t\t\t<div class=\"elementor-gallery-item__overlay\"><\/div>\n\t\t\t\t\t\t\t\t\t\t\t\t\t\t<\/div>\n\t\t\t\t\t\t\t<div class=\"e-gallery-item elementor-gallery-item elementor-animated-content\">\n\t\t\t\t\t<div class=\"e-gallery-image elementor-gallery-item__image\" data-thumbnail=\"http:\/\/thsc.pt\/wp-content\/uploads\/2020\/08\/thsc_2-768x432-1.jpg\" data-width=\"768\" data-height=\"432\" alt=\"\" ><\/div>\n\t\t\t\t\t\t\t\t\t\t<div class=\"elementor-gallery-item__overlay\"><\/div>\n\t\t\t\t\t\t\t\t\t\t\t\t\t\t<\/div>\n\t\t\t\t\t<\/div>\n\t\t\t<\/div>\n\t\t\t\t<\/div>\n\t\t\t\t\t\t<\/div>\n\t\t\t\t\t<\/div>\n\t\t<\/div>\n\t\t\t\t\t\t\t\t<\/div>\n\t\t\t\t\t<\/div>\n\t\t<\/section>\n\t\t\t\t\t\t<\/div>\n\t\t\t\t\t\t<\/div>\n\t\t\t\t\t<\/div>\n\t\t","protected":false},"excerpt":{"rendered":"<p>20 ANOS DE M\u00daSICA CONTEMPOR\u00c2NEA 26 de mar\u00e7o de 2026 21h00 M\/6 | BILHETES : 5,00 EUROS\u00a0 S\u00edntese \u2013 Grupo [&hellip;]<\/p>\n","protected":false},"author":3,"featured_media":6223,"parent":0,"menu_order":0,"comment_status":"closed","ping_status":"closed","template":"","meta":[],"_links":{"self":[{"href":"http:\/\/thsc.pt\/index.php?rest_route=\/wp\/v2\/pages\/6222"}],"collection":[{"href":"http:\/\/thsc.pt\/index.php?rest_route=\/wp\/v2\/pages"}],"about":[{"href":"http:\/\/thsc.pt\/index.php?rest_route=\/wp\/v2\/types\/page"}],"author":[{"embeddable":true,"href":"http:\/\/thsc.pt\/index.php?rest_route=\/wp\/v2\/users\/3"}],"replies":[{"embeddable":true,"href":"http:\/\/thsc.pt\/index.php?rest_route=%2Fwp%2Fv2%2Fcomments&post=6222"}],"version-history":[{"count":9,"href":"http:\/\/thsc.pt\/index.php?rest_route=\/wp\/v2\/pages\/6222\/revisions"}],"predecessor-version":[{"id":6360,"href":"http:\/\/thsc.pt\/index.php?rest_route=\/wp\/v2\/pages\/6222\/revisions\/6360"}],"wp:featuredmedia":[{"embeddable":true,"href":"http:\/\/thsc.pt\/index.php?rest_route=\/wp\/v2\/media\/6223"}],"wp:attachment":[{"href":"http:\/\/thsc.pt\/index.php?rest_route=%2Fwp%2Fv2%2Fmedia&parent=6222"}],"curies":[{"name":"wp","href":"https:\/\/api.w.org\/{rel}","templated":true}]}}