{"id":5698,"date":"2025-05-15T14:37:48","date_gmt":"2025-05-15T13:37:48","guid":{"rendered":"http:\/\/thsc.pt\/?page_id=5698"},"modified":"2025-05-20T14:10:41","modified_gmt":"2025-05-20T13:10:41","slug":"carlos-bica-quarteto","status":"publish","type":"page","link":"http:\/\/thsc.pt\/?page_id=5698","title":{"rendered":"Carlos Bica Quarteto"},"content":{"rendered":"\t\t<div data-elementor-type=\"wp-page\" data-elementor-id=\"5698\" class=\"elementor elementor-5698\" data-elementor-settings=\"[]\">\n\t\t\t\t\t\t<div class=\"elementor-inner\">\n\t\t\t\t\t\t\t<div class=\"elementor-section-wrap\">\n\t\t\t\t\t\t\t<section class=\"elementor-section elementor-top-section elementor-element elementor-element-1404fa7a elementor-section-height-min-height elementor-section-boxed elementor-section-height-default elementor-section-items-middle\" data-id=\"1404fa7a\" data-element_type=\"section\" data-settings=\"{&quot;background_background&quot;:&quot;classic&quot;}\">\n\t\t\t\t\t\t\t<div class=\"elementor-background-overlay\"><\/div>\n\t\t\t\t\t\t\t<div class=\"elementor-container elementor-column-gap-default\">\n\t\t\t\t\t\t\t<div class=\"elementor-row\">\n\t\t\t\t\t<div class=\"elementor-column elementor-col-100 elementor-top-column elementor-element elementor-element-33ac553f\" data-id=\"33ac553f\" data-element_type=\"column\">\n\t\t\t<div class=\"elementor-column-wrap elementor-element-populated\">\n\t\t\t\t\t\t\t<div class=\"elementor-widget-wrap\">\n\t\t\t\t\t\t<div class=\"elementor-element elementor-element-43404a6c elementor-widget elementor-widget-spacer\" data-id=\"43404a6c\" data-element_type=\"widget\" data-widget_type=\"spacer.default\">\n\t\t\t\t<div class=\"elementor-widget-container\">\n\t\t\t\t\t<div class=\"elementor-spacer\">\n\t\t\t<div class=\"elementor-spacer-inner\"><\/div>\n\t\t<\/div>\n\t\t\t\t<\/div>\n\t\t\t\t<\/div>\n\t\t\t\t<div class=\"elementor-element elementor-element-3bd38510 elementor-widget elementor-widget-heading\" data-id=\"3bd38510\" data-element_type=\"widget\" data-widget_type=\"heading.default\">\n\t\t\t\t<div class=\"elementor-widget-container\">\n\t\t\t<h1 class=\"elementor-heading-title elementor-size-large\">CARLOS BICA QUARTETO<\/h1>\t\t<\/div>\n\t\t\t\t<\/div>\n\t\t\t\t<div class=\"elementor-element elementor-element-6fc5a1a5 elementor-widget elementor-widget-text-editor\" data-id=\"6fc5a1a5\" data-element_type=\"widget\" data-widget_type=\"text-editor.default\">\n\t\t\t\t<div class=\"elementor-widget-container\">\n\t\t\t\t\t<div class=\"elementor-text-editor elementor-clearfix\"><h2><strong><span style=\"color: #ffffff;\">25 de maio de 2025<\/span><\/strong><\/h2><p><strong><span style=\"color: #ffffff;\">21h00<\/span><\/strong><\/p><\/div>\n\t\t\t\t<\/div>\n\t\t\t\t<\/div>\n\t\t\t\t<section class=\"elementor-section elementor-inner-section elementor-element elementor-element-603e6885 elementor-section-content-middle elementor-section-boxed elementor-section-height-default elementor-section-height-default\" data-id=\"603e6885\" data-element_type=\"section\">\n\t\t\t\t\t\t<div class=\"elementor-container elementor-column-gap-extended\">\n\t\t\t\t\t\t\t<div class=\"elementor-row\">\n\t\t\t\t\t<div class=\"elementor-column elementor-col-100 elementor-inner-column elementor-element elementor-element-57d12176\" data-id=\"57d12176\" data-element_type=\"column\">\n\t\t\t<div class=\"elementor-column-wrap elementor-element-populated\">\n\t\t\t\t\t\t\t<div class=\"elementor-widget-wrap\">\n\t\t\t\t\t\t<div class=\"elementor-element elementor-element-1a9cbed5 elementor-widget elementor-widget-text-editor\" data-id=\"1a9cbed5\" data-element_type=\"widget\" data-widget_type=\"text-editor.default\">\n\t\t\t\t<div class=\"elementor-widget-container\">\n\t\t\t\t\t<div class=\"elementor-text-editor elementor-clearfix\"><h5><span style=\"color: #ffffff;\"><b><span style=\"font-family: var( --e-global-typography-text-font-family );\">M\/6 |\u00a0 BILHETES : 5,00 A 7,00 EUROS\u00a0<\/span><\/b><\/span><\/h5><\/div>\n\t\t\t\t<\/div>\n\t\t\t\t<\/div>\n\t\t\t\t\t\t<\/div>\n\t\t\t\t\t<\/div>\n\t\t<\/div>\n\t\t\t\t\t\t\t\t<\/div>\n\t\t\t\t\t<\/div>\n\t\t<\/section>\n\t\t\t\t\t\t<\/div>\n\t\t\t\t\t<\/div>\n\t\t<\/div>\n\t\t\t\t\t\t\t\t<\/div>\n\t\t\t\t\t<\/div>\n\t\t<\/section>\n\t\t\t\t<section class=\"elementor-section elementor-top-section elementor-element elementor-element-2918eeaa elementor-section-boxed elementor-section-height-default elementor-section-height-default\" data-id=\"2918eeaa\" data-element_type=\"section\" data-settings=\"{&quot;background_background&quot;:&quot;classic&quot;}\">\n\t\t\t\t\t\t<div class=\"elementor-container elementor-column-gap-default\">\n\t\t\t\t\t\t\t<div class=\"elementor-row\">\n\t\t\t\t\t<div class=\"elementor-column elementor-col-50 elementor-top-column elementor-element elementor-element-7f8e3814\" data-id=\"7f8e3814\" data-element_type=\"column\">\n\t\t\t<div class=\"elementor-column-wrap elementor-element-populated\">\n\t\t\t\t\t\t\t<div class=\"elementor-widget-wrap\">\n\t\t\t\t\t\t<div class=\"elementor-element elementor-element-67834a9 elementor-widget elementor-widget-spacer\" data-id=\"67834a9\" data-element_type=\"widget\" data-widget_type=\"spacer.default\">\n\t\t\t\t<div class=\"elementor-widget-container\">\n\t\t\t\t\t<div class=\"elementor-spacer\">\n\t\t\t<div class=\"elementor-spacer-inner\"><\/div>\n\t\t<\/div>\n\t\t\t\t<\/div>\n\t\t\t\t<\/div>\n\t\t\t\t<div class=\"elementor-element elementor-element-5541161e elementor-widget elementor-widget-text-editor\" data-id=\"5541161e\" data-element_type=\"widget\" data-widget_type=\"text-editor.default\">\n\t\t\t\t<div class=\"elementor-widget-container\">\n\t\t\t\t\t<div class=\"elementor-text-editor elementor-clearfix\"><p class=\"p1\"><strong><span class=\"fontstyle0\">CARLOS BICA QUARTETO<\/span><\/strong><\/p><p class=\"p1\"><span class=\"fontstyle0\">com JOS\u00c9 SOARES_EDUARDO CARDINHO_GON\u00c7ALO NETO <\/span><\/p><p class=\"p1\"><span class=\"fontstyle0\">Carlos Bica <\/span><span class=\"fontstyle2\">\u00e9 um dos poucos m\u00fasicos portugueses que alcan\u00e7ou proje\u00e7\u00e3o internacional, tendo-se tornado uma refer\u00eancia no panorama do jazz europeu. Entre os v\u00e1rios projectos musicais que lidera e para al\u00e9m das suas colabora\u00e7\u00f5es com teatro, dan\u00e7a e cinema, o trio AZUL, com o guitarrista Frank M\u00f6bus e o baterista Jim Black, tornou-se na imagem de marca do contrabaixista e compositor. Paralelamente \u00e0 cont\u00ednua actividade do trio Azul, outros mais projectos t\u00eam nascido que ficaram registados discogr\u00e1ficamente, tais como: <\/span><em><span class=\"fontstyle3\">Diz, Single, Mat\u00e9ria-Prima, I Am The Escaped One <\/span><\/em><span class=\"fontstyle2\">e o mais recente <\/span><em><span class=\"fontstyle3\">Playing with Beethoven <\/span><\/em><span class=\"fontstyle2\">que recebeu enormes elogios da cr\u00edtica internacional, tendo sido nomeado pelo Preis der Deutschen Schallplattenkritik e pela Play \u2013 Pr\u00e9mios da M\u00fasica Portuguesa, como melhor \u00e1lbum de jazz de 2023.<\/span><\/p><p class=\"p1\"><span class=\"fontstyle2\">Para este projecto, Carlos Bica convidou o saxofonista <\/span><span class=\"fontstyle0\"><strong>Jos\u00e9 Soares<\/strong>, <\/span><span class=\"fontstyle2\">o vibrafonista <\/span><strong><span class=\"fontstyle0\">Eduardo Cardinho <\/span><\/strong><span class=\"fontstyle2\">e o guitarrista <\/span><strong><span class=\"fontstyle0\">Gon\u00e7alo Neto<\/span><\/strong><span class=\"fontstyle2\">. A diferen\u00e7a de gera\u00e7\u00f5es \u00e9 uma mais valia para este projecto que conta com a participa\u00e7\u00e3o de alguns dos mais talentosos e criativos m\u00fasicos de uma nova gera\u00e7\u00e3o de m\u00fasicos portugueses. Ser\u00e1 com esta forma\u00e7\u00e3o que Carlos Bica ir\u00e1 editar em Junho de 2024 pela editora discogr\u00e1fica Clean Feed um novo \u00e1lbum com novas composi\u00e7\u00f5es e marcar um novo percurso na sua cria\u00e7\u00e3o art\u00edstica.<\/span><\/p><p class=\"p1\"><em><span class=\"fontstyle3\">Quando se fala da m\u00fasica de Carlos Bica, a cr\u00edtica costuma salientar a forma como nela se interpenetram refer\u00eancias de diferentes universos, da m\u00fasica erudita contempor\u00e2nea \u00e0 folk, ao rock, ao jazz, \u00e0s m\u00fasicas improvisadas. \u201eA m\u00fasica de Carlos Bica \u00e9 excitante, \u00e9 moderna e contagiante. Bica \u00e9 um ouvinte atento ao mundo exterior &#8211; donde a sua modernidade &#8211; e um escritor de can\u00e7\u00f5es inato. Nas suas composi\u00e7\u00f5es encontramos fragmentos de coisas que apenas o nosso subconsciente reconhece, mas expostas de forma tal que elas nos surgem absolutamente naturais e \u00f3bvias. Nada que tenha a ver com alguma forma de pastiche ou resultado de copy\/ paste; antes uma forma evidente de contar hist\u00f3rias feitas de peda\u00e7os de quotidiano que de uma forma estranha reconhecemos.\u201c &#8211; \u201eAll Jazz\u201c<\/span> <\/em><br \/><br \/><\/p><\/div>\n\t\t\t\t<\/div>\n\t\t\t\t<\/div>\n\t\t\t\t\t\t<\/div>\n\t\t\t\t\t<\/div>\n\t\t<\/div>\n\t\t\t\t<div class=\"elementor-column elementor-col-50 elementor-top-column elementor-element elementor-element-3c96c49d\" data-id=\"3c96c49d\" data-element_type=\"column\" data-settings=\"{&quot;background_background&quot;:&quot;classic&quot;}\">\n\t\t\t<div class=\"elementor-column-wrap elementor-element-populated\">\n\t\t\t\t\t<div class=\"elementor-background-overlay\"><\/div>\n\t\t\t\t\t\t\t<div class=\"elementor-widget-wrap\">\n\t\t\t\t\t\t<div class=\"elementor-element elementor-element-1e21727 elementor-widget elementor-widget-image\" data-id=\"1e21727\" data-element_type=\"widget\" data-widget_type=\"image.default\">\n\t\t\t\t<div class=\"elementor-widget-container\">\n\t\t\t\t\t<div class=\"elementor-image\">\n\t\t\t\t\t\t\t\t\t\t<img width=\"724\" height=\"1024\" src=\"http:\/\/thsc.pt\/wp-content\/uploads\/2025\/05\/cartaz-carlos-724x1024.jpg\" class=\"attachment-large size-large\" alt=\"\" decoding=\"async\" loading=\"lazy\" srcset=\"http:\/\/thsc.pt\/wp-content\/uploads\/2025\/05\/cartaz-carlos-724x1024.jpg 724w, http:\/\/thsc.pt\/wp-content\/uploads\/2025\/05\/cartaz-carlos-212x300.jpg 212w, http:\/\/thsc.pt\/wp-content\/uploads\/2025\/05\/cartaz-carlos-768x1087.jpg 768w, http:\/\/thsc.pt\/wp-content\/uploads\/2025\/05\/cartaz-carlos-1086x1536.jpg 1086w, http:\/\/thsc.pt\/wp-content\/uploads\/2025\/05\/cartaz-carlos-1448x2048.jpg 1448w, http:\/\/thsc.pt\/wp-content\/uploads\/2025\/05\/cartaz-carlos-scaled.jpg 1809w\" sizes=\"(max-width: 724px) 100vw, 724px\" \/>\t\t\t\t\t\t\t\t\t\t\t<\/div>\n\t\t\t\t<\/div>\n\t\t\t\t<\/div>\n\t\t\t\t\t\t<\/div>\n\t\t\t\t\t<\/div>\n\t\t<\/div>\n\t\t\t\t\t\t\t\t<\/div>\n\t\t\t\t\t<\/div>\n\t\t<\/section>\n\t\t\t\t<section class=\"elementor-section elementor-top-section elementor-element elementor-element-55e110eb elementor-section-boxed elementor-section-height-default elementor-section-height-default\" data-id=\"55e110eb\" data-element_type=\"section\" data-settings=\"{&quot;background_background&quot;:&quot;classic&quot;}\">\n\t\t\t\t\t\t<div class=\"elementor-container elementor-column-gap-default\">\n\t\t\t\t\t\t\t<div class=\"elementor-row\">\n\t\t\t\t\t\t\t\t\t<\/div>\n\t\t\t\t\t<\/div>\n\t\t<\/section>\n\t\t\t\t<section class=\"elementor-section elementor-top-section elementor-element elementor-element-527eef99 elementor-section-full_width elementor-section-height-min-height elementor-section-height-default elementor-section-items-middle\" data-id=\"527eef99\" data-element_type=\"section\" data-settings=\"{&quot;background_background&quot;:&quot;classic&quot;}\">\n\t\t\t\t\t\t<div class=\"elementor-container elementor-column-gap-no\">\n\t\t\t\t\t\t\t<div class=\"elementor-row\">\n\t\t\t\t\t<div class=\"elementor-column elementor-col-50 elementor-top-column elementor-element elementor-element-73fa6883\" data-id=\"73fa6883\" data-element_type=\"column\">\n\t\t\t<div class=\"elementor-column-wrap elementor-element-populated\">\n\t\t\t\t\t\t\t<div class=\"elementor-widget-wrap\">\n\t\t\t\t\t\t<div class=\"elementor-element elementor-element-28cb4664 elementor-widget elementor-widget-text-editor\" data-id=\"28cb4664\" data-element_type=\"widget\" data-widget_type=\"text-editor.default\">\n\t\t\t\t<div class=\"elementor-widget-container\">\n\t\t\t\t\t<div class=\"elementor-text-editor elementor-clearfix\"><blockquote><p class=\"p1\"><span style=\"color: #333333;\"><strong>Equipa Criativa e Art\u00edstica<\/strong><\/span><\/p><\/blockquote><p class=\"p1\" style=\"padding-left: 40px;\"><span style=\"color: #333333;\"><strong>Contrabaixo<\/strong><\/span><br \/><span style=\"color: #333333;\">Carlos Bica<\/span><\/p><p class=\"p1\" style=\"padding-left: 40px;\"><span style=\"color: #333333;\"><strong>Saxofone<\/strong><\/span><br \/><span style=\"color: #333333;\">Jos\u00e9 Soares<\/span><\/p><p class=\"p1\" style=\"padding-left: 40px;\"><span style=\"color: #333333;\"><strong>Vibrafone<\/strong><\/span><br \/><span style=\"color: #333333;\">Eduardo Cardinho<\/span><\/p><p class=\"p1\" style=\"padding-left: 40px;\"><span style=\"color: #333333;\"><strong>Guitarra<\/strong><\/span><br \/><span style=\"color: #333333;\">Gon\u00e7alo Neto<\/span><\/p><\/div>\n\t\t\t\t<\/div>\n\t\t\t\t<\/div>\n\t\t\t\t\t\t<\/div>\n\t\t\t\t\t<\/div>\n\t\t<\/div>\n\t\t\t\t<div class=\"elementor-column elementor-col-50 elementor-top-column elementor-element elementor-element-458b814f\" data-id=\"458b814f\" data-element_type=\"column\">\n\t\t\t<div class=\"elementor-column-wrap elementor-element-populated\">\n\t\t\t\t\t\t\t<div class=\"elementor-widget-wrap\">\n\t\t\t\t\t\t<div class=\"elementor-element elementor-element-31ee2a1f elementor-widget elementor-widget-text-editor\" data-id=\"31ee2a1f\" data-element_type=\"widget\" data-widget_type=\"text-editor.default\">\n\t\t\t\t<div class=\"elementor-widget-container\">\n\t\t\t\t\t<div class=\"elementor-text-editor elementor-clearfix\"><\/div>\n\t\t\t\t<\/div>\n\t\t\t\t<\/div>\n\t\t\t\t\t\t<\/div>\n\t\t\t\t\t<\/div>\n\t\t<\/div>\n\t\t\t\t\t\t\t\t<\/div>\n\t\t\t\t\t<\/div>\n\t\t<\/section>\n\t\t\t\t<section class=\"elementor-section elementor-top-section elementor-element elementor-element-36efc58b elementor-section-full_width elementor-section-stretched elementor-section-height-default elementor-section-height-default\" data-id=\"36efc58b\" data-element_type=\"section\" data-settings=\"{&quot;stretch_section&quot;:&quot;section-stretched&quot;,&quot;background_background&quot;:&quot;classic&quot;}\">\n\t\t\t\t\t\t<div class=\"elementor-container elementor-column-gap-default\">\n\t\t\t\t\t\t\t<div class=\"elementor-row\">\n\t\t\t\t\t<div class=\"elementor-column elementor-col-100 elementor-top-column elementor-element elementor-element-705507ec\" data-id=\"705507ec\" data-element_type=\"column\">\n\t\t\t<div class=\"elementor-column-wrap elementor-element-populated\">\n\t\t\t\t\t\t\t<div class=\"elementor-widget-wrap\">\n\t\t\t\t\t\t<div class=\"elementor-element elementor-element-4546077f elementor-widget elementor-widget-gallery\" data-id=\"4546077f\" data-element_type=\"widget\" data-settings=\"{&quot;gallery_layout&quot;:&quot;masonry&quot;,&quot;columns&quot;:2,&quot;columns_tablet&quot;:3,&quot;columns_mobile&quot;:2,&quot;lazyload&quot;:&quot;yes&quot;,&quot;gap&quot;:{&quot;unit&quot;:&quot;px&quot;,&quot;size&quot;:10,&quot;sizes&quot;:[]},&quot;gap_tablet&quot;:{&quot;unit&quot;:&quot;px&quot;,&quot;size&quot;:10,&quot;sizes&quot;:[]},&quot;gap_mobile&quot;:{&quot;unit&quot;:&quot;px&quot;,&quot;size&quot;:10,&quot;sizes&quot;:[]},&quot;overlay_background&quot;:&quot;yes&quot;,&quot;content_hover_animation&quot;:&quot;fade-in&quot;}\" data-widget_type=\"gallery.default\">\n\t\t\t\t<div class=\"elementor-widget-container\">\n\t\t\t\t\t<div class=\"elementor-gallery__container\">\n\t\t\t\t\t\t\t<div class=\"e-gallery-item elementor-gallery-item elementor-animated-content\">\n\t\t\t\t\t<div class=\"e-gallery-image elementor-gallery-item__image\" data-thumbnail=\"http:\/\/thsc.pt\/wp-content\/uploads\/2020\/08\/thsc1-1024x576.jpg\" data-width=\"1024\" data-height=\"576\" alt=\"\" ><\/div>\n\t\t\t\t\t\t\t\t\t\t<div class=\"elementor-gallery-item__overlay\"><\/div>\n\t\t\t\t\t\t\t\t\t\t\t\t\t\t<\/div>\n\t\t\t\t\t\t\t<div class=\"e-gallery-item elementor-gallery-item elementor-animated-content\">\n\t\t\t\t\t<div class=\"e-gallery-image elementor-gallery-item__image\" data-thumbnail=\"http:\/\/thsc.pt\/wp-content\/uploads\/2020\/08\/thsc_2-768x432-1.jpg\" data-width=\"768\" data-height=\"432\" alt=\"\" ><\/div>\n\t\t\t\t\t\t\t\t\t\t<div class=\"elementor-gallery-item__overlay\"><\/div>\n\t\t\t\t\t\t\t\t\t\t\t\t\t\t<\/div>\n\t\t\t\t\t<\/div>\n\t\t\t<\/div>\n\t\t\t\t<\/div>\n\t\t\t\t\t\t<\/div>\n\t\t\t\t\t<\/div>\n\t\t<\/div>\n\t\t\t\t\t\t\t\t<\/div>\n\t\t\t\t\t<\/div>\n\t\t<\/section>\n\t\t\t\t\t\t<\/div>\n\t\t\t\t\t\t<\/div>\n\t\t\t\t\t<\/div>\n\t\t","protected":false},"excerpt":{"rendered":"<p>CARLOS BICA QUARTETO 25 de maio de 2025 21h00 M\/6 |\u00a0 BILHETES : 5,00 A 7,00 EUROS\u00a0 CARLOS BICA QUARTETO [&hellip;]<\/p>\n","protected":false},"author":3,"featured_media":5699,"parent":0,"menu_order":0,"comment_status":"closed","ping_status":"closed","template":"","meta":[],"_links":{"self":[{"href":"http:\/\/thsc.pt\/index.php?rest_route=\/wp\/v2\/pages\/5698"}],"collection":[{"href":"http:\/\/thsc.pt\/index.php?rest_route=\/wp\/v2\/pages"}],"about":[{"href":"http:\/\/thsc.pt\/index.php?rest_route=\/wp\/v2\/types\/page"}],"author":[{"embeddable":true,"href":"http:\/\/thsc.pt\/index.php?rest_route=\/wp\/v2\/users\/3"}],"replies":[{"embeddable":true,"href":"http:\/\/thsc.pt\/index.php?rest_route=%2Fwp%2Fv2%2Fcomments&post=5698"}],"version-history":[{"count":4,"href":"http:\/\/thsc.pt\/index.php?rest_route=\/wp\/v2\/pages\/5698\/revisions"}],"predecessor-version":[{"id":5710,"href":"http:\/\/thsc.pt\/index.php?rest_route=\/wp\/v2\/pages\/5698\/revisions\/5710"}],"wp:featuredmedia":[{"embeddable":true,"href":"http:\/\/thsc.pt\/index.php?rest_route=\/wp\/v2\/media\/5699"}],"wp:attachment":[{"href":"http:\/\/thsc.pt\/index.php?rest_route=%2Fwp%2Fv2%2Fmedia&parent=5698"}],"curies":[{"name":"wp","href":"https:\/\/api.w.org\/{rel}","templated":true}]}}