{"id":4002,"date":"2023-01-12T13:29:07","date_gmt":"2023-01-12T12:29:07","guid":{"rendered":"http:\/\/thsc.pt\/?page_id=4002"},"modified":"2023-01-17T19:24:44","modified_gmt":"2023-01-17T18:24:44","slug":"dramaturgias-itinerantes-2","status":"publish","type":"page","link":"http:\/\/thsc.pt\/?page_id=4002","title":{"rendered":"DRAMATURGIAS ITINERANTES"},"content":{"rendered":"\t\t<div data-elementor-type=\"wp-page\" data-elementor-id=\"4002\" class=\"elementor elementor-4002\" data-elementor-settings=\"[]\">\n\t\t\t\t\t\t<div class=\"elementor-inner\">\n\t\t\t\t\t\t\t<div class=\"elementor-section-wrap\">\n\t\t\t\t\t\t\t<section class=\"elementor-section elementor-top-section elementor-element elementor-element-93faac0 elementor-section-height-min-height elementor-section-boxed elementor-section-height-default elementor-section-items-middle\" data-id=\"93faac0\" data-element_type=\"section\" data-settings=\"{&quot;background_background&quot;:&quot;classic&quot;}\">\n\t\t\t\t\t\t\t<div class=\"elementor-background-overlay\"><\/div>\n\t\t\t\t\t\t\t<div class=\"elementor-container elementor-column-gap-default\">\n\t\t\t\t\t\t\t<div class=\"elementor-row\">\n\t\t\t\t\t<div class=\"elementor-column elementor-col-100 elementor-top-column elementor-element elementor-element-71fdf8c\" data-id=\"71fdf8c\" data-element_type=\"column\">\n\t\t\t<div class=\"elementor-column-wrap elementor-element-populated\">\n\t\t\t\t\t\t\t<div class=\"elementor-widget-wrap\">\n\t\t\t\t\t\t<div class=\"elementor-element elementor-element-d7ccca7 elementor-widget elementor-widget-spacer\" data-id=\"d7ccca7\" data-element_type=\"widget\" data-widget_type=\"spacer.default\">\n\t\t\t\t<div class=\"elementor-widget-container\">\n\t\t\t\t\t<div class=\"elementor-spacer\">\n\t\t\t<div class=\"elementor-spacer-inner\"><\/div>\n\t\t<\/div>\n\t\t\t\t<\/div>\n\t\t\t\t<\/div>\n\t\t\t\t<div class=\"elementor-element elementor-element-dfdde79 elementor-widget elementor-widget-heading\" data-id=\"dfdde79\" data-element_type=\"widget\" data-widget_type=\"heading.default\">\n\t\t\t\t<div class=\"elementor-widget-container\">\n\t\t\t<h1 class=\"elementor-heading-title elementor-size-large\">DRAMATURGIAS ITINERANTES\n<\/h1>\t\t<\/div>\n\t\t\t\t<\/div>\n\t\t\t\t<div class=\"elementor-element elementor-element-5804c74 elementor-widget elementor-widget-heading\" data-id=\"5804c74\" data-element_type=\"widget\" data-widget_type=\"heading.default\">\n\t\t\t\t<div class=\"elementor-widget-container\">\n\t\t\t<h3 class=\"elementor-heading-title elementor-size-medium\">SUPERNORMAIS | DION\u00cdSIA\n<\/h3>\t\t<\/div>\n\t\t\t\t<\/div>\n\t\t\t\t<div class=\"elementor-element elementor-element-4b5f438 elementor-widget elementor-widget-text-editor\" data-id=\"4b5f438\" data-element_type=\"widget\" data-widget_type=\"text-editor.default\">\n\t\t\t\t<div class=\"elementor-widget-container\">\n\t\t\t\t\t<div class=\"elementor-text-editor elementor-clearfix\"><h2><span style=\"color: #ffffff;\"><strong>&#8211; 19 de janeiro &#8211;\u00a0<\/strong><\/span><\/h2><p>Quinta-feira, 19 de janeiro &#8211; 18h00\u00a0<\/p><\/div>\n\t\t\t\t<\/div>\n\t\t\t\t<\/div>\n\t\t\t\t<section class=\"elementor-section elementor-inner-section elementor-element elementor-element-5ba7647 elementor-section-content-middle elementor-section-boxed elementor-section-height-default elementor-section-height-default\" data-id=\"5ba7647\" data-element_type=\"section\">\n\t\t\t\t\t\t<div class=\"elementor-container elementor-column-gap-extended\">\n\t\t\t\t\t\t\t<div class=\"elementor-row\">\n\t\t\t\t\t<div class=\"elementor-column elementor-col-100 elementor-inner-column elementor-element elementor-element-6738ea4\" data-id=\"6738ea4\" data-element_type=\"column\">\n\t\t\t<div class=\"elementor-column-wrap elementor-element-populated\">\n\t\t\t\t\t\t\t<div class=\"elementor-widget-wrap\">\n\t\t\t\t\t\t<div class=\"elementor-element elementor-element-c0a10ac elementor-widget elementor-widget-text-editor\" data-id=\"c0a10ac\" data-element_type=\"widget\" data-widget_type=\"text-editor.default\">\n\t\t\t\t<div class=\"elementor-widget-container\">\n\t\t\t\t\t<div class=\"elementor-text-editor elementor-clearfix\"><h6><span style=\"color: #ffffff;\"><strong>Entrada gratuita*<\/strong> (at\u00e9 ao limite da lota\u00e7\u00e3o da sala)<\/span><\/h6><\/div>\n\t\t\t\t<\/div>\n\t\t\t\t<\/div>\n\t\t\t\t\t\t<\/div>\n\t\t\t\t\t<\/div>\n\t\t<\/div>\n\t\t\t\t\t\t\t\t<\/div>\n\t\t\t\t\t<\/div>\n\t\t<\/section>\n\t\t\t\t<section class=\"elementor-section elementor-inner-section elementor-element elementor-element-9b78af8 elementor-section-boxed elementor-section-height-default elementor-section-height-default\" data-id=\"9b78af8\" data-element_type=\"section\">\n\t\t\t\t\t\t<div class=\"elementor-container elementor-column-gap-default\">\n\t\t\t\t\t\t\t<div class=\"elementor-row\">\n\t\t\t\t\t<div class=\"elementor-column elementor-col-100 elementor-inner-column elementor-element elementor-element-583f6c7\" data-id=\"583f6c7\" data-element_type=\"column\">\n\t\t\t<div class=\"elementor-column-wrap elementor-element-populated\">\n\t\t\t\t\t\t\t<div class=\"elementor-widget-wrap\">\n\t\t\t\t\t\t<div class=\"elementor-element elementor-element-f8f1295 elementor-widget elementor-widget-text-editor\" data-id=\"f8f1295\" data-element_type=\"widget\" data-widget_type=\"text-editor.default\">\n\t\t\t\t<div class=\"elementor-widget-container\">\n\t\t\t\t\t<div class=\"elementor-text-editor elementor-clearfix\"><p style=\"text-align: center;\"><span style=\"color: #ffffff;\">Entrada pela ESMAE, Rua da Alegria n\u00ba 503<\/span><\/p><\/div>\n\t\t\t\t<\/div>\n\t\t\t\t<\/div>\n\t\t\t\t\t\t<\/div>\n\t\t\t\t\t<\/div>\n\t\t<\/div>\n\t\t\t\t\t\t\t\t<\/div>\n\t\t\t\t\t<\/div>\n\t\t<\/section>\n\t\t\t\t\t\t<\/div>\n\t\t\t\t\t<\/div>\n\t\t<\/div>\n\t\t\t\t\t\t\t\t<\/div>\n\t\t\t\t\t<\/div>\n\t\t<\/section>\n\t\t\t\t<section class=\"elementor-section elementor-top-section elementor-element elementor-element-7a8caed elementor-section-boxed elementor-section-height-default elementor-section-height-default\" data-id=\"7a8caed\" data-element_type=\"section\" data-settings=\"{&quot;background_background&quot;:&quot;classic&quot;}\">\n\t\t\t\t\t\t<div class=\"elementor-container elementor-column-gap-default\">\n\t\t\t\t\t\t\t<div class=\"elementor-row\">\n\t\t\t\t\t<div class=\"elementor-column elementor-col-33 elementor-top-column elementor-element elementor-element-94bd0af\" data-id=\"94bd0af\" data-element_type=\"column\">\n\t\t\t<div class=\"elementor-column-wrap elementor-element-populated\">\n\t\t\t\t\t\t\t<div class=\"elementor-widget-wrap\">\n\t\t\t\t\t\t<div class=\"elementor-element elementor-element-63feb75 elementor-widget elementor-widget-spacer\" data-id=\"63feb75\" data-element_type=\"widget\" data-widget_type=\"spacer.default\">\n\t\t\t\t<div class=\"elementor-widget-container\">\n\t\t\t\t\t<div class=\"elementor-spacer\">\n\t\t\t<div class=\"elementor-spacer-inner\"><\/div>\n\t\t<\/div>\n\t\t\t\t<\/div>\n\t\t\t\t<\/div>\n\t\t\t\t<div class=\"elementor-element elementor-element-4466258 elementor-widget elementor-widget-text-editor\" data-id=\"4466258\" data-element_type=\"widget\" data-widget_type=\"text-editor.default\">\n\t\t\t\t<div class=\"elementor-widget-container\">\n\t\t\t\t\t<div class=\"elementor-text-editor elementor-clearfix\"><p class=\"\"><em class=\"\">Un ano m\u00e1is, e xa van catro desde 2019, presentamos o programa\u00a0<strong class=\"\">Dramaturxias itinerantes\/Dramaturgias itinerantes<\/strong>, froito da colaboraci\u00f3n institucional entre o Consello da Cultura Galega, o Instituto Cam\u00f5es-Centro Cultural Portugu\u00eas de Vigo e a Escola Superior de Arte Dram\u00e1tica (ESAD) de Galicia. Desde 2021 contamos tam\u00e9n coa complicidade e o entusiasmo da Escola Superior de M\u00fasica e Artes do Espet\u00e1culo (ESMAE) de Porto, que xa consideramos un parceiro m\u00e1is nesta segunda colaboraci\u00f3n s\u00faa.<\/em><\/p><p class=\"\"><em class=\"\"><strong class=\"\">Dramaturxias itinerantes\/Dramaturgias itinerantes<\/strong>\u00a0ten como obxectivo o encontro entre creadoras esc\u00e9nicas de Galicia e Portugal para promover un maior e m\u00e1is profundo co\u00f1ecemento da escrita teatral m\u00e1is contempor\u00e1nea dos dous lados da raia. O proxecto pono foco na dramaturxia de autor\u00eda feminina, coa vontade de rescatala da invisibilidade e de po\u00f1er en valor todo o seu potencial renovador. Ademais, o proxecto ap\u00f3iase e conta para a s\u00faa produci\u00f3n coas novas xeraci\u00f3ns de profesionais das artes esc\u00e9nicas que se est\u00e1n a formar nas nosas escolas, nas cidades de Porto e Vigo.<\/em><\/p><p class=\"\"><em class=\"\">O ciclo segue a sumar edici\u00f3ns e encontros esc\u00e9nicos nos que acreaci\u00f3n e a escrita dram\u00e1tica contempor\u00e1nea exercen o seu papel protagonista. Nesta ocasi\u00f3n imos engadir \u00e1 nosa xa importante lista de mulleres dramaturgas galegas e portuguesas a Esther Carrodeguas e a Cec\u00edlia Ferreira, d\u00faas autoras cunha incuestion\u00e1bel traxectoria probada e reco\u00f1ecida polo p\u00fablico. Elas entran a formar parte dunha significativa escolla na que atopamos os potentes nomes de AveLina P\u00e9rez e Patr\u00edcia Portela, de Ana Carreira e Joana Craveiro, de Clara Gayo e Cl\u00e1udia Lucas Ch\u00e9u e de Laura Porto e Rita Pinheiro. Os textos de todas as autoras poden atoparse en edici\u00f3n dixital en <a class=\"\" href=\"http:\/\/www.consellodacultura.gal\/\" target=\"_blank\" rel=\"noopener noreferrer\" data-auth=\"NotApplicable\" data-safelink=\"true\" data-linkindex=\"0\">www.consellodacultura.gal<\/a>.<\/em><\/p><p class=\"\"><em class=\"\">Nesta edici\u00f3n de 2023 despedimos ao profesor da ESAD de Galicia Afonso Becerra, como \u00abmestre de cerimonias\u00bb e brillante acompa\u00f1ante das dramaturgas, nunha serie de conversas que nos fixeron comprender a dimensi\u00f3n da obra das autoras que nos acompa\u00f1aron, e damos a benvida \u00e1 tam\u00e9n profesora da ESAD de Galicia Vanesa Sotelo, que ser\u00e1 a encargada de guiar o encontro, no que co\u00f1eceremos m\u00e1is profundamente as d\u00faas autoras.<\/em><\/p><p>\u00a0<\/p><h4><strong>SUPERNORMAIS<\/strong><\/h4><p>Supernormais \u00e9 un xogo c\u00f3mico que nos enfronta aos nosos propios prexu\u00edzos arredor do colectivo de persoas con diversidade funcional, xerados dentro dunha sociedade neoliberal e patriarcal pero sobretodo 100 % capacitista na que os corpos, as realidades, as necesidadese as vidas das persoas que non poden producir ao ritmo que v\u00e9n imposto non te\u00f1en m\u00e1is remedio que ver como lles pasan por diante casetodas.<\/p><p>Polo cami\u00f1o, \u00e1 maior\u00eda destas persoas ne g\u00f3uselles pr\u00e1ctica e historicamente a vivencia dunha sexualidade propia e natural e moitas veces foron desprazadas do seu [propio] DESEXO. \u00c9 xustamente desde este punto desde o cal a peza reflexiona sobre o anterior, inclu\u00edndo a propia reflexi\u00f3n sobre a creaci\u00f3n con persoas diversas e sobre a dificultade de eliminar as barreiras existentes mediante a entrada, comprensi\u00f3n ou gozo da propia obra teatral que est\u00e1 vendo [ou non!].<\/p><h4>DION\u00cdSIA<\/h4><p>A loucura mora rente \u00e0 sanidade. Lado a lado, frente a frente: olham-se, tocam-se, entretecem-se, mas quanto baste, para que n\u00e3o haja misturas indesejadas. Habitam um espa\u00e7o comum que nunca para, que nunca se repete, que nunca se cansa da mudan\u00e7a. Nesta roda-viva do mundo, as pessoas sentem, agitam-se, magoam-se, adoecem, desiludem-se, zangam-se, fragilizam-se. Ningu\u00e9m est\u00e1 permanentemente bem. S\u00e3o fugazes as felicidades. Estiv\u00e9ssemos n\u00f3s sempre atentos, alerta. Mas n\u00e3o! Como um v\u00edrus que surpreende o sistema imunit\u00e1rio d\u00e9bil, a loucura avan\u00e7a sobre n\u00f3s sem d\u00f3 nem piedade. Ganha terreno. Contamina. N\u00e3o precisa de fazer muito. S\u00f3 tem de nos encaminhar suavemente e com simpatia para o lado errado. N\u00e3o temos firmeza para lhe resistir. E ent\u00e3o ela domina. Vence. Treslouca-nos.<\/p><\/div>\n\t\t\t\t<\/div>\n\t\t\t\t<\/div>\n\t\t\t\t\t\t<\/div>\n\t\t\t\t\t<\/div>\n\t\t<\/div>\n\t\t\t\t<div class=\"elementor-column elementor-col-33 elementor-top-column elementor-element elementor-element-77a4525\" data-id=\"77a4525\" data-element_type=\"column\" data-settings=\"{&quot;background_background&quot;:&quot;classic&quot;}\">\n\t\t\t<div class=\"elementor-column-wrap elementor-element-populated\">\n\t\t\t\t\t<div class=\"elementor-background-overlay\"><\/div>\n\t\t\t\t\t\t\t<div class=\"elementor-widget-wrap\">\n\t\t\t\t\t\t<div class=\"elementor-element elementor-element-e9dd28e elementor-widget elementor-widget-spacer\" data-id=\"e9dd28e\" data-element_type=\"widget\" data-widget_type=\"spacer.default\">\n\t\t\t\t<div class=\"elementor-widget-container\">\n\t\t\t\t\t<div class=\"elementor-spacer\">\n\t\t\t<div class=\"elementor-spacer-inner\"><\/div>\n\t\t<\/div>\n\t\t\t\t<\/div>\n\t\t\t\t<\/div>\n\t\t\t\t\t\t<\/div>\n\t\t\t\t\t<\/div>\n\t\t<\/div>\n\t\t\t\t<div class=\"elementor-column elementor-col-33 elementor-top-column elementor-element elementor-element-24e0483\" data-id=\"24e0483\" data-element_type=\"column\" data-settings=\"{&quot;background_background&quot;:&quot;classic&quot;}\">\n\t\t\t<div class=\"elementor-column-wrap elementor-element-populated\">\n\t\t\t\t\t<div class=\"elementor-background-overlay\"><\/div>\n\t\t\t\t\t\t\t<div class=\"elementor-widget-wrap\">\n\t\t\t\t\t\t<div class=\"elementor-element elementor-element-6d82cde elementor-widget elementor-widget-spacer\" data-id=\"6d82cde\" data-element_type=\"widget\" data-widget_type=\"spacer.default\">\n\t\t\t\t<div class=\"elementor-widget-container\">\n\t\t\t\t\t<div class=\"elementor-spacer\">\n\t\t\t<div class=\"elementor-spacer-inner\"><\/div>\n\t\t<\/div>\n\t\t\t\t<\/div>\n\t\t\t\t<\/div>\n\t\t\t\t\t\t<\/div>\n\t\t\t\t\t<\/div>\n\t\t<\/div>\n\t\t\t\t\t\t\t\t<\/div>\n\t\t\t\t\t<\/div>\n\t\t<\/section>\n\t\t\t\t<section class=\"elementor-section elementor-top-section elementor-element elementor-element-ad49a86 elementor-section-boxed elementor-section-height-default elementor-section-height-default\" data-id=\"ad49a86\" data-element_type=\"section\" data-settings=\"{&quot;background_background&quot;:&quot;classic&quot;}\">\n\t\t\t\t\t\t<div class=\"elementor-container elementor-column-gap-default\">\n\t\t\t\t\t\t\t<div class=\"elementor-row\">\n\t\t\t\t\t\t\t\t\t<\/div>\n\t\t\t\t\t<\/div>\n\t\t<\/section>\n\t\t\t\t<section class=\"elementor-section elementor-top-section elementor-element elementor-element-cf60824 elementor-section-full_width elementor-section-height-min-height elementor-section-height-default elementor-section-items-middle\" data-id=\"cf60824\" data-element_type=\"section\" data-settings=\"{&quot;background_background&quot;:&quot;classic&quot;}\">\n\t\t\t\t\t\t<div class=\"elementor-container elementor-column-gap-no\">\n\t\t\t\t\t\t\t<div class=\"elementor-row\">\n\t\t\t\t\t<div class=\"elementor-column elementor-col-50 elementor-top-column elementor-element elementor-element-248151d\" data-id=\"248151d\" data-element_type=\"column\">\n\t\t\t<div class=\"elementor-column-wrap elementor-element-populated\">\n\t\t\t\t\t\t\t<div class=\"elementor-widget-wrap\">\n\t\t\t\t\t\t<div class=\"elementor-element elementor-element-740d449 elementor-widget elementor-widget-text-editor\" data-id=\"740d449\" data-element_type=\"widget\" data-widget_type=\"text-editor.default\">\n\t\t\t\t<div class=\"elementor-widget-container\">\n\t\t\t\t\t<div class=\"elementor-text-editor elementor-clearfix\"><blockquote><p class=\"p1\"><span style=\"color: #333333;\"><strong>Ficha T\u00e9cnica<\/strong><\/span><\/p><\/blockquote><p><strong>SUPERNORMAIS<br \/><br \/><span style=\"color: #808080;\">Dramaturga<\/span><\/strong><br \/>Esther Carrodeguas<\/p><div>\u00a0<\/div><div><strong>Dire\u00e7\u00e3o art\u00edstica<\/strong><br \/>Nuria Montero Gull\u00f3n<\/div><div>\u00a0<\/div><div><strong>Assist\u00eancia de Dire\u00e7\u00e3o<\/strong><br \/>Susana Lorenzo<br \/>Susana Villaverde<\/div><div>\u00a0<\/div><div><strong>Int\u00e9rpretes<\/strong><br \/>Eva J\u00e1udenes L\u00f3pez<br \/>Daniel Lago Barreiro<br \/>Roc\u00edo L\u00f3pez Souto<br \/>\u00c1lvaro Lourido Iglesias<br \/>\u00c1ngel Rodr\u00edguez Blanco<br \/>Nuria Varela Cascallar<\/div><div>\u00a0<\/div><div><strong>Dura\u00e7\u00e3o<\/strong><br \/>aproximadamente 15 minutos<\/div><\/div>\n\t\t\t\t<\/div>\n\t\t\t\t<\/div>\n\t\t\t\t\t\t<\/div>\n\t\t\t\t\t<\/div>\n\t\t<\/div>\n\t\t\t\t<div class=\"elementor-column elementor-col-50 elementor-top-column elementor-element elementor-element-e24481c\" data-id=\"e24481c\" data-element_type=\"column\">\n\t\t\t<div class=\"elementor-column-wrap elementor-element-populated\">\n\t\t\t\t\t\t\t<div class=\"elementor-widget-wrap\">\n\t\t\t\t\t\t<section class=\"elementor-section elementor-inner-section elementor-element elementor-element-5cfb633 elementor-section-boxed elementor-section-height-default elementor-section-height-default\" data-id=\"5cfb633\" data-element_type=\"section\">\n\t\t\t\t\t\t<div class=\"elementor-container elementor-column-gap-default\">\n\t\t\t\t\t\t\t<div class=\"elementor-row\">\n\t\t\t\t\t<div class=\"elementor-column elementor-col-50 elementor-inner-column elementor-element elementor-element-c0eabc3\" data-id=\"c0eabc3\" data-element_type=\"column\">\n\t\t\t<div class=\"elementor-column-wrap\">\n\t\t\t\t\t\t\t<div class=\"elementor-widget-wrap\">\n\t\t\t\t\t\t\t\t<\/div>\n\t\t\t\t\t<\/div>\n\t\t<\/div>\n\t\t\t\t<div class=\"elementor-column elementor-col-50 elementor-inner-column elementor-element elementor-element-b695861\" data-id=\"b695861\" data-element_type=\"column\">\n\t\t\t<div class=\"elementor-column-wrap\">\n\t\t\t\t\t\t\t<div class=\"elementor-widget-wrap\">\n\t\t\t\t\t\t\t\t<\/div>\n\t\t\t\t\t<\/div>\n\t\t<\/div>\n\t\t\t\t\t\t\t\t<\/div>\n\t\t\t\t\t<\/div>\n\t\t<\/section>\n\t\t\t\t<div class=\"elementor-element elementor-element-e042ca7 elementor-widget elementor-widget-text-editor\" data-id=\"e042ca7\" data-element_type=\"widget\" data-widget_type=\"text-editor.default\">\n\t\t\t\t<div class=\"elementor-widget-container\">\n\t\t\t\t\t<div class=\"elementor-text-editor elementor-clearfix\"><p><strong>DION\u00cdSIA<\/strong><\/p><p><strong><span style=\"color: #808080;\">Dramaturga<\/span><\/strong><br \/>Cec\u00edlia Ferreira<\/p><div>\u00a0<\/div><div><strong>Dire\u00e7\u00e3o art\u00edstica<\/strong><br \/>Cl\u00e1udia Marisa<br \/>Cec\u00edlia Ferreira<\/div><div>\u00a0<\/div><div><strong>Int\u00e9rpretes<\/strong><br \/>Gon\u00e7alo Lopes<br \/>Helena Magalh\u00e3es<br \/>Margarida Carvalho<br \/>Matilde Gandra<br \/>Nuno Tudela<br \/>Pedro Fi\u00faza<br \/>Pedro Nunes<br \/>Sara Vicente<\/div><div>\u00a0<\/div><div><strong>Dura\u00e7\u00e3o<\/strong><br \/>aproximadamente 15 minutos<\/div><\/div>\n\t\t\t\t<\/div>\n\t\t\t\t<\/div>\n\t\t\t\t\t\t<\/div>\n\t\t\t\t\t<\/div>\n\t\t<\/div>\n\t\t\t\t\t\t\t\t<\/div>\n\t\t\t\t\t<\/div>\n\t\t<\/section>\n\t\t\t\t\t\t<\/div>\n\t\t\t\t\t\t<\/div>\n\t\t\t\t\t<\/div>\n\t\t","protected":false},"excerpt":{"rendered":"<p>DRAMATURGIAS ITINERANTES SUPERNORMAIS | DION\u00cdSIA &#8211; 19 de janeiro &#8211;\u00a0 Quinta-feira, 19 de janeiro &#8211; 18h00\u00a0 Entrada gratuita* (at\u00e9 ao [&hellip;]<\/p>\n","protected":false},"author":1,"featured_media":0,"parent":0,"menu_order":0,"comment_status":"closed","ping_status":"closed","template":"","meta":[],"_links":{"self":[{"href":"http:\/\/thsc.pt\/index.php?rest_route=\/wp\/v2\/pages\/4002"}],"collection":[{"href":"http:\/\/thsc.pt\/index.php?rest_route=\/wp\/v2\/pages"}],"about":[{"href":"http:\/\/thsc.pt\/index.php?rest_route=\/wp\/v2\/types\/page"}],"author":[{"embeddable":true,"href":"http:\/\/thsc.pt\/index.php?rest_route=\/wp\/v2\/users\/1"}],"replies":[{"embeddable":true,"href":"http:\/\/thsc.pt\/index.php?rest_route=%2Fwp%2Fv2%2Fcomments&post=4002"}],"version-history":[{"count":13,"href":"http:\/\/thsc.pt\/index.php?rest_route=\/wp\/v2\/pages\/4002\/revisions"}],"predecessor-version":[{"id":4058,"href":"http:\/\/thsc.pt\/index.php?rest_route=\/wp\/v2\/pages\/4002\/revisions\/4058"}],"wp:attachment":[{"href":"http:\/\/thsc.pt\/index.php?rest_route=%2Fwp%2Fv2%2Fmedia&parent=4002"}],"curies":[{"name":"wp","href":"https:\/\/api.w.org\/{rel}","templated":true}]}}