{"id":3424,"date":"2022-06-03T15:43:32","date_gmt":"2022-06-03T14:43:32","guid":{"rendered":"http:\/\/thsc.pt\/?page_id=3424"},"modified":"2022-06-06T11:26:02","modified_gmt":"2022-06-06T10:26:02","slug":"maratona-de-danca-contemporanea-da-esmae","status":"publish","type":"page","link":"http:\/\/thsc.pt\/?page_id=3424","title":{"rendered":"MARATONA DE DAN\u00c7A CONTEMPOR\u00c2NEA DA ESMAE"},"content":{"rendered":"\t\t<div data-elementor-type=\"wp-page\" data-elementor-id=\"3424\" class=\"elementor elementor-3424\" data-elementor-settings=\"[]\">\n\t\t\t\t\t\t<div class=\"elementor-inner\">\n\t\t\t\t\t\t\t<div class=\"elementor-section-wrap\">\n\t\t\t\t\t\t\t<section class=\"elementor-section elementor-top-section elementor-element elementor-element-7dc7ca75 elementor-section-height-min-height elementor-section-boxed elementor-section-height-default elementor-section-items-middle\" data-id=\"7dc7ca75\" data-element_type=\"section\" data-settings=\"{&quot;background_background&quot;:&quot;classic&quot;}\">\n\t\t\t\t\t\t\t<div class=\"elementor-background-overlay\"><\/div>\n\t\t\t\t\t\t\t<div class=\"elementor-container elementor-column-gap-default\">\n\t\t\t\t\t\t\t<div class=\"elementor-row\">\n\t\t\t\t\t<div class=\"elementor-column elementor-col-100 elementor-top-column elementor-element elementor-element-82db8a6\" data-id=\"82db8a6\" data-element_type=\"column\">\n\t\t\t<div class=\"elementor-column-wrap elementor-element-populated\">\n\t\t\t\t\t\t\t<div class=\"elementor-widget-wrap\">\n\t\t\t\t\t\t<div class=\"elementor-element elementor-element-3f0c4a5f elementor-widget elementor-widget-spacer\" data-id=\"3f0c4a5f\" data-element_type=\"widget\" data-widget_type=\"spacer.default\">\n\t\t\t\t<div class=\"elementor-widget-container\">\n\t\t\t\t\t<div class=\"elementor-spacer\">\n\t\t\t<div class=\"elementor-spacer-inner\"><\/div>\n\t\t<\/div>\n\t\t\t\t<\/div>\n\t\t\t\t<\/div>\n\t\t\t\t<div class=\"elementor-element elementor-element-3ef0d645 elementor-widget elementor-widget-heading\" data-id=\"3ef0d645\" data-element_type=\"widget\" data-widget_type=\"heading.default\">\n\t\t\t\t<div class=\"elementor-widget-container\">\n\t\t\t<h1 class=\"elementor-heading-title elementor-size-large\">MARATONA DE DAN\u00c7A CONTEMPOR\u00c2NEA DA ESMAE<\/h1>\t\t<\/div>\n\t\t\t\t<\/div>\n\t\t\t\t<div class=\"elementor-element elementor-element-4d1833a0 elementor-widget elementor-widget-heading\" data-id=\"4d1833a0\" data-element_type=\"widget\" data-widget_type=\"heading.default\">\n\t\t\t\t<div class=\"elementor-widget-container\">\n\t\t\t<h3 class=\"elementor-heading-title elementor-size-medium\">P\u00d3S-GRADUA\u00c7\u00c3O EM DAN\u00c7A CONTEMPOR\u00c2NEA DA ESMAE \n<\/h3>\t\t<\/div>\n\t\t\t\t<\/div>\n\t\t\t\t<div class=\"elementor-element elementor-element-74804dec elementor-widget elementor-widget-text-editor\" data-id=\"74804dec\" data-element_type=\"widget\" data-widget_type=\"text-editor.default\">\n\t\t\t\t<div class=\"elementor-widget-container\">\n\t\t\t\t\t<div class=\"elementor-text-editor elementor-clearfix\"><h2><span style=\"color: #ffffff;\"><strong>&#8211; 12 de junho &#8211;\u00a0<\/strong><\/span><\/h2><p>Domingo, 12 de junho \u2013 17h00<br \/><br \/><\/p><\/div>\n\t\t\t\t<\/div>\n\t\t\t\t<\/div>\n\t\t\t\t<section class=\"elementor-section elementor-inner-section elementor-element elementor-element-66267f66 elementor-section-content-middle elementor-section-boxed elementor-section-height-default elementor-section-height-default\" data-id=\"66267f66\" data-element_type=\"section\">\n\t\t\t\t\t\t<div class=\"elementor-container elementor-column-gap-extended\">\n\t\t\t\t\t\t\t<div class=\"elementor-row\">\n\t\t\t\t\t<div class=\"elementor-column elementor-col-100 elementor-inner-column elementor-element elementor-element-2e39db58\" data-id=\"2e39db58\" data-element_type=\"column\">\n\t\t\t<div class=\"elementor-column-wrap elementor-element-populated\">\n\t\t\t\t\t\t\t<div class=\"elementor-widget-wrap\">\n\t\t\t\t\t\t<div class=\"elementor-element elementor-element-16d7647a elementor-widget elementor-widget-text-editor\" data-id=\"16d7647a\" data-element_type=\"widget\" data-widget_type=\"text-editor.default\">\n\t\t\t\t<div class=\"elementor-widget-container\">\n\t\t\t\t\t<div class=\"elementor-text-editor elementor-clearfix\"><h5><span style=\"color: #ffffff;\"><b><span style=\"font-family: var( --e-global-typography-text-font-family );\">M\/6 |\u00a0 BILHETES : 3 a 5\u20ac\u00a0<br \/><\/span><\/b><\/span><\/h5><h6 dir=\"auto\"><span style=\"color: #ffffff;\">5 \u20ac (Bilhete Normal)<\/span><br \/><br \/><span style=\"color: #ffffff;\">3 \u20ac (Estudantes, Maiores 65, Profissionais das Artes do Espet\u00e1culo)<\/span><\/h6><h5><span style=\"color: #ffffff;\"><b><span style=\"font-family: var( --e-global-typography-text-font-family );\">\u00a0<\/span><\/b><\/span><\/h5><\/div>\n\t\t\t\t<\/div>\n\t\t\t\t<\/div>\n\t\t\t\t\t\t<\/div>\n\t\t\t\t\t<\/div>\n\t\t<\/div>\n\t\t\t\t\t\t\t\t<\/div>\n\t\t\t\t\t<\/div>\n\t\t<\/section>\n\t\t\t\t\t\t<\/div>\n\t\t\t\t\t<\/div>\n\t\t<\/div>\n\t\t\t\t\t\t\t\t<\/div>\n\t\t\t\t\t<\/div>\n\t\t<\/section>\n\t\t\t\t<section class=\"elementor-section elementor-top-section elementor-element elementor-element-716af1b9 elementor-section-boxed elementor-section-height-default elementor-section-height-default\" data-id=\"716af1b9\" data-element_type=\"section\" data-settings=\"{&quot;background_background&quot;:&quot;classic&quot;}\">\n\t\t\t\t\t\t<div class=\"elementor-container elementor-column-gap-default\">\n\t\t\t\t\t\t\t<div class=\"elementor-row\">\n\t\t\t\t\t<div class=\"elementor-column elementor-col-50 elementor-top-column elementor-element elementor-element-1847571b\" data-id=\"1847571b\" data-element_type=\"column\">\n\t\t\t<div class=\"elementor-column-wrap elementor-element-populated\">\n\t\t\t\t\t\t\t<div class=\"elementor-widget-wrap\">\n\t\t\t\t\t\t<div class=\"elementor-element elementor-element-7ee610c9 elementor-widget elementor-widget-spacer\" data-id=\"7ee610c9\" data-element_type=\"widget\" data-widget_type=\"spacer.default\">\n\t\t\t\t<div class=\"elementor-widget-container\">\n\t\t\t\t\t<div class=\"elementor-spacer\">\n\t\t\t<div class=\"elementor-spacer-inner\"><\/div>\n\t\t<\/div>\n\t\t\t\t<\/div>\n\t\t\t\t<\/div>\n\t\t\t\t<div class=\"elementor-element elementor-element-3ec1882c elementor-widget elementor-widget-text-editor\" data-id=\"3ec1882c\" data-element_type=\"widget\" data-widget_type=\"text-editor.default\">\n\t\t\t\t<div class=\"elementor-widget-container\">\n\t\t\t\t\t<div class=\"elementor-text-editor elementor-clearfix\"><p class=\"xmsonormal\">No \u00e2mbito da P\u00f3s-Gradua\u00e7\u00e3o em Dan\u00e7a Contempor\u00e2nea os\/as core\u00f3grafo(a)s e performers desenvolveram os seus projetos, refletindo a sua identidade art\u00edstica e singularidade perform\u00e1tica.\u00a0<\/p><p class=\"xmsonormal\">A no\u00e7\u00e3o de Corpo Biogr\u00e1fico foi o mote para a cria\u00e7\u00e3o destas pe\u00e7as que demonstram, n\u00e3o s\u00f3 versatilidade, como excel\u00eancia art\u00edstica.\u00a0<\/p><p class=\"xmsonormal\"><b>Dire\u00e7\u00e3o Art\u00edstica: Cl\u00e1udia Marisa e Rui Damas<\/b> <br \/><strong>Desenho de Luz: Bernardo Correia e Rui Baganha<\/strong><\/p><div class=\"cxmmr5t8 oygrvhab hcukyx3x c1et5uql o9v6fnle ii04i59q\">\u00a0<\/div><\/div>\n\t\t\t\t<\/div>\n\t\t\t\t<\/div>\n\t\t\t\t<div class=\"elementor-element elementor-element-b86052a elementor-widget elementor-widget-text-editor\" data-id=\"b86052a\" data-element_type=\"widget\" data-widget_type=\"text-editor.default\">\n\t\t\t\t<div class=\"elementor-widget-container\">\n\t\t\t\t\t<div class=\"elementor-text-editor elementor-clearfix\"><p dir=\"auto\"><strong>MULHERES \u2013 Um Testemunho F\u00edsico<\/strong><\/p><p>N\u00e3o existe um objetivo certo, assim como n\u00e3o existe uma mensagem que deva ser passada com esta dan\u00e7a, que o p\u00fablico ver\u00e1.<\/p><p dir=\"auto\">\u00c9 apenas um grupo que dan\u00e7a, que sente a m\u00fasica e se move com garra, com fome de lutar, de marcar presen\u00e7a, de se fazer ouvir e ver. Ao p\u00fablico, cabe-lhe aceitar embarcar numa viagem, composta por imagens, at\u00e9 um universo onde se dan\u00e7a sobre a hist\u00f3ria da mulher, a sua luta di\u00e1ria, as suas conquistas, as suas derrotas e a sua for\u00e7a de continuar.<\/p><p dir=\"auto\">Temos pressa da mudan\u00e7a mesmo n\u00e3o sabendo quando \u00e9 que ela ir\u00e1 chegar at\u00e9 n\u00f3s, sabemos que se formos juntos, se nos ampararmos uns nos outros, o caminho tornar-se-\u00e1 mais simples, n\u00e3o mais f\u00e1cil, mas mais simples de trilhar.<\/p><p dir=\"auto\" style=\"text-align: right;\"><strong>Cria\u00e7\u00e3o\/Coreografia: Cristiana Piorro Viola<\/strong><\/p><div class=\"cxmmr5t8 oygrvhab hcukyx3x c1et5uql o9v6fnle ii04i59q\"><div dir=\"auto\"><p><span style=\"color: #333333;\"><strong>Mala Utopia<\/strong><\/span><\/p><\/div><div dir=\"auto\"><p>A partir do sil\u00eancio e dos outros somos capazes de construir um mundo melhor. Utopia? Seja. E uma mala. Chegada, partida, reencontro, as mem\u00f3rias. Um passado que se torna presente, na interse\u00e7\u00e3o das viagens de vida de cada um, na possibilidade da exist\u00eancia de um momento futuro. \u00c9 esperar o mundo e esperar olhares para iluminar. E acreditar que somos capazes desse momento futuro.<\/p><\/div><div dir=\"auto\" style=\"text-align: right;\"><span style=\"color: #333333;\"><strong>Cria\u00e7\u00e3o\/Coreografia: Pedro Carvalho<\/strong><\/span><\/div><\/div><div dir=\"auto\">\u00a0<\/div><div class=\"cxmmr5t8 oygrvhab hcukyx3x c1et5uql o9v6fnle ii04i59q\"><div dir=\"auto\"><p><strong><span style=\"color: #333333;\">Alma muda tem voz<\/span><\/strong><\/p><\/div><div dir=\"auto\"><p>O que fazer quando o presente se torna passado e o passado quer-se fazer presente?<\/p><\/div><div dir=\"auto\" style=\"text-align: right;\"><p><span style=\"color: #333333;\"><span style=\"color: #333333;\"><strong>Cria\u00e7\u00e3o\/Coreografia\/Texto\/Dramaturgia: M\u00f3nica Perestrelo<\/strong><\/span><\/span><\/p><div class=\"cxmmr5t8 oygrvhab hcukyx3x c1et5uql o9v6fnle ii04i59q\"><div dir=\"auto\" style=\"text-align: left;\"><span style=\"color: #333333;\"><strong><br \/>Lagarta Azul<\/strong><\/span><\/div><div dir=\"auto\" style=\"text-align: left;\"><span class=\"pq6dq46d tbxw36s4 knj5qynh kvgmc6g5 ditlmg2l oygrvhab nvdbi5me sf5mxxl7 gl3lb2sf hhz5lgdu\"><img decoding=\"async\" loading=\"lazy\" src=\"https:\/\/static.xx.fbcdn.net\/images\/emoji.php\/v9\/td9\/1.5\/16\/1f40d.png\" alt=\"\ud83d\udc0d\" width=\"16\" height=\"16\" \/><\/span><span class=\"pq6dq46d tbxw36s4 knj5qynh kvgmc6g5 ditlmg2l oygrvhab nvdbi5me sf5mxxl7 gl3lb2sf hhz5lgdu\"><img decoding=\"async\" loading=\"lazy\" src=\"https:\/\/static.xx.fbcdn.net\/images\/emoji.php\/v9\/t95\/1.5\/16\/1f34e.png\" alt=\"\ud83c\udf4e\" width=\"16\" height=\"16\" \/><\/span><span class=\"pq6dq46d tbxw36s4 knj5qynh kvgmc6g5 ditlmg2l oygrvhab nvdbi5me sf5mxxl7 gl3lb2sf hhz5lgdu\"><img decoding=\"async\" loading=\"lazy\" src=\"https:\/\/static.xx.fbcdn.net\/images\/emoji.php\/v9\/t37\/1.5\/16\/1f31d.png\" alt=\"\ud83c\udf1d\" width=\"16\" height=\"16\" \/><\/span><span class=\"pq6dq46d tbxw36s4 knj5qynh kvgmc6g5 ditlmg2l oygrvhab nvdbi5me sf5mxxl7 gl3lb2sf hhz5lgdu\"><img decoding=\"async\" loading=\"lazy\" src=\"https:\/\/static.xx.fbcdn.net\/images\/emoji.php\/v9\/t6c\/1.5\/16\/1f308.png\" alt=\"\ud83c\udf08\" width=\"16\" height=\"16\" \/><\/span><span class=\"pq6dq46d tbxw36s4 knj5qynh kvgmc6g5 ditlmg2l oygrvhab nvdbi5me sf5mxxl7 gl3lb2sf hhz5lgdu\"><img decoding=\"async\" loading=\"lazy\" src=\"https:\/\/static.xx.fbcdn.net\/images\/emoji.php\/v9\/t4e\/1.5\/16\/1f48a.png\" alt=\"\ud83d\udc8a\" width=\"16\" height=\"16\" \/><\/span><span class=\"pq6dq46d tbxw36s4 knj5qynh kvgmc6g5 ditlmg2l oygrvhab nvdbi5me sf5mxxl7 gl3lb2sf hhz5lgdu\"><img decoding=\"async\" loading=\"lazy\" src=\"https:\/\/static.xx.fbcdn.net\/images\/emoji.php\/v9\/td1\/1.5\/16\/1f48d.png\" alt=\"\ud83d\udc8d\" width=\"16\" height=\"16\" \/><\/span><span class=\"pq6dq46d tbxw36s4 knj5qynh kvgmc6g5 ditlmg2l oygrvhab nvdbi5me sf5mxxl7 gl3lb2sf hhz5lgdu\"><img decoding=\"async\" loading=\"lazy\" src=\"https:\/\/static.xx.fbcdn.net\/images\/emoji.php\/v9\/t9\/1.5\/16\/1f3af.png\" alt=\"\ud83c\udfaf\" width=\"16\" height=\"16\" \/><\/span><\/div><div dir=\"auto\">\u00a0<\/div><div dir=\"auto\"><p><span style=\"color: #333333;\"><strong>Cria\u00e7\u00e3o\/Coreografia: Cinderella<\/strong><\/span><\/p><\/div><\/div><div dir=\"auto\"><div dir=\"auto\" style=\"text-align: left;\"><span style=\"color: #333333;\"><strong><br \/><br \/>A t\u00e9nue linha entre voar e cair <br \/>\u00a0<\/strong><\/span><\/div><div dir=\"auto\" style=\"text-align: left;\"><p>Os anjos t\u00eam medo de voar? Nunca pensei muito sobre isto, mas l\u00e1 por terem asas, n\u00e3o quer dizer que seja f\u00e1cil. Pergunto se conseguiram voar \u00e0 primeira e se n\u00e3o t\u00eam medo das alturas? J\u00e1 agora, como \u00e9 que um anjo mede uma altura? Come\u00e7a a contar l\u00e1 de cima do c\u00e9u ou vem c\u00e1 abaixo para o nosso lado? J\u00e1 viram um anjo a aprender a voar? Eu j\u00e1. Se eu tivesse asas, eu tamb\u00e9m voava.<\/p><\/div><div dir=\"auto\"><p><span style=\"color: #333333;\"><strong>Cria\u00e7\u00e3o\/ texto\/ dramaturgia: Matilde Magalh\u00e3es<\/strong><\/span><\/p><\/div><\/div><div class=\"cxmmr5t8 oygrvhab hcukyx3x c1et5uql o9v6fnle ii04i59q\">\u00a0<\/div><\/div><\/div><\/div>\n\t\t\t\t<\/div>\n\t\t\t\t<\/div>\n\t\t\t\t\t\t<\/div>\n\t\t\t\t\t<\/div>\n\t\t<\/div>\n\t\t\t\t<div class=\"elementor-column elementor-col-50 elementor-top-column elementor-element elementor-element-87db67d\" data-id=\"87db67d\" data-element_type=\"column\">\n\t\t\t<div class=\"elementor-column-wrap elementor-element-populated\">\n\t\t\t\t\t\t\t<div class=\"elementor-widget-wrap\">\n\t\t\t\t\t\t<div class=\"elementor-element elementor-element-efc22e8 elementor-widget elementor-widget-image\" data-id=\"efc22e8\" data-element_type=\"widget\" data-widget_type=\"image.default\">\n\t\t\t\t<div class=\"elementor-widget-container\">\n\t\t\t\t\t<div class=\"elementor-image\">\n\t\t\t\t\t\t\t\t\t\t<img decoding=\"async\" src=\"http:\/\/thsc.pt\/wp-content\/uploads\/elementor\/thumbs\/mostra_danca12JUN-01-scaled-pps1ojlihfzoxofdcuyvxomdpt8i0v7n7msqzvuufy.jpg\" title=\"mostra_danca_cartaz\" alt=\"mostra_danca_cartaz\" \/>\t\t\t\t\t\t\t\t\t\t\t<\/div>\n\t\t\t\t<\/div>\n\t\t\t\t<\/div>\n\t\t\t\t<div class=\"elementor-element elementor-element-f193f18 elementor-widget elementor-widget-text-editor\" data-id=\"f193f18\" data-element_type=\"widget\" data-widget_type=\"text-editor.default\">\n\t\t\t\t<div class=\"elementor-widget-container\">\n\t\t\t\t\t<div class=\"elementor-text-editor elementor-clearfix\"><div class=\"cxmmr5t8 oygrvhab hcukyx3x c1et5uql o9v6fnle ii04i59q\"><div dir=\"auto\" style=\"text-align: right;\"><div class=\"cxmmr5t8 oygrvhab hcukyx3x c1et5uql o9v6fnle ii04i59q\"><div dir=\"auto\">\u00a0<\/div><\/div><div class=\"cxmmr5t8 oygrvhab hcukyx3x c1et5uql o9v6fnle ii04i59q\"><div dir=\"auto\" style=\"text-align: left;\"><span style=\"color: #333333;\"><strong>Devora-te, para que n\u00e3o tenha mais que ficar aqui.<\/strong><\/span><\/div><div dir=\"auto\">\u00a0<\/div><div dir=\"auto\" style=\"text-align: left;\">De tempos em tempos, o tempo, volta e recria o passado, alguns atos e acontecimentos, assim do mesmo jeito s\u00f3 para ver se surgem possibilidades diferentes e como isso alteraria o futuro.<\/div><div dir=\"auto\" style=\"text-align: left;\"><p>E se o tempo recriasse o mito de Ad\u00e3o, Eva e Lilith hoje?<\/p><\/div><div dir=\"auto\"><p><span style=\"color: #333333;\"><strong>Cria\u00e7\u00e3o\/Coreografia\/Texto: Victor Rigonatti<\/strong><\/span><\/p><\/div><\/div><div class=\"cxmmr5t8 oygrvhab hcukyx3x c1et5uql o9v6fnle ii04i59q\"><div dir=\"auto\" style=\"text-align: left;\"><p><span style=\"color: #333333;\"><strong>The Coke That Killed Bambi<\/strong><\/span><\/p><\/div><div dir=\"auto\" style=\"text-align: left;\"><p>Nascimento disruptivo criado por uma dopamina ausente instaura a sociedade pitoresca dos filhos do alimento. The Coke That Killed Bambi alude a uma loucura que permanece apenas pela limita\u00e7\u00e3o dos indiv\u00edduos na sociedade.<\/p><\/div><\/div><div class=\"cxmmr5t8 oygrvhab hcukyx3x c1et5uql o9v6fnle ii04i59q\" style=\"text-align: left;\"><div dir=\"auto\">Nightlife I used to love you<\/div><div dir=\"auto\">With your lights and silence<\/div><div dir=\"auto\">Now you are just<\/div><div dir=\"auto\">Violence; hard drugs; prostitution<\/div><div dir=\"auto\">What you think about that daytime?<\/div><div dir=\"auto\">Do you agree with me daylight?<\/div><div dir=\"auto\">What you think about that? What you think about that? What you think about that?<\/div><div dir=\"auto\"><p>Forget about it.<\/p><\/div><\/div><div class=\"cxmmr5t8 oygrvhab hcukyx3x c1et5uql o9v6fnle ii04i59q\" style=\"text-align: left;\"><div dir=\"auto\" style=\"text-align: right;\"><strong><span style=\"color: #333333;\"><br \/>Cria\u00e7\u00e3o\/Coreografia: \u00a0Margar\u00efda Franco<\/span><\/strong><\/div><div dir=\"auto\" style=\"text-align: right;\"><strong><span style=\"color: #333333;\">Textos: Thalia Martha Katharina Schmitt, Margarida Franco<\/span><\/strong><\/div><div dir=\"auto\" style=\"text-align: right;\"><strong><span style=\"color: #333333;\">Cenografia e Adere\u00e7o: M\u00f3nica Perestrelo<br \/><span dir=\"auto\">Assist\u00eancia Adere\u00e7o | Maria In\u00eas Campos, Leonor Gomes, Ruben Ponto<\/span><\/span><\/strong><\/div><\/div><p><span style=\"color: #333333;\"><strong>\u00a0<\/strong><\/span><\/p><\/div><\/div><\/div>\n\t\t\t\t<\/div>\n\t\t\t\t<\/div>\n\t\t\t\t\t\t<\/div>\n\t\t\t\t\t<\/div>\n\t\t<\/div>\n\t\t\t\t\t\t\t\t<\/div>\n\t\t\t\t\t<\/div>\n\t\t<\/section>\n\t\t\t\t<section class=\"elementor-section elementor-top-section elementor-element elementor-element-4cd04119 elementor-section-boxed elementor-section-height-default elementor-section-height-default\" data-id=\"4cd04119\" data-element_type=\"section\" data-settings=\"{&quot;background_background&quot;:&quot;classic&quot;}\">\n\t\t\t\t\t\t<div class=\"elementor-container elementor-column-gap-default\">\n\t\t\t\t\t\t\t<div class=\"elementor-row\">\n\t\t\t\t\t\t\t\t\t<\/div>\n\t\t\t\t\t<\/div>\n\t\t<\/section>\n\t\t\t\t\t\t<\/div>\n\t\t\t\t\t\t<\/div>\n\t\t\t\t\t<\/div>\n\t\t","protected":false},"excerpt":{"rendered":"<p>MARATONA DE DAN\u00c7A CONTEMPOR\u00c2NEA DA ESMAE P\u00d3S-GRADUA\u00c7\u00c3O EM DAN\u00c7A CONTEMPOR\u00c2NEA DA ESMAE &#8211; 12 de junho &#8211;\u00a0 Domingo, 12 de [&hellip;]<\/p>\n","protected":false},"author":1,"featured_media":0,"parent":0,"menu_order":0,"comment_status":"closed","ping_status":"closed","template":"","meta":[],"_links":{"self":[{"href":"http:\/\/thsc.pt\/index.php?rest_route=\/wp\/v2\/pages\/3424"}],"collection":[{"href":"http:\/\/thsc.pt\/index.php?rest_route=\/wp\/v2\/pages"}],"about":[{"href":"http:\/\/thsc.pt\/index.php?rest_route=\/wp\/v2\/types\/page"}],"author":[{"embeddable":true,"href":"http:\/\/thsc.pt\/index.php?rest_route=\/wp\/v2\/users\/1"}],"replies":[{"embeddable":true,"href":"http:\/\/thsc.pt\/index.php?rest_route=%2Fwp%2Fv2%2Fcomments&post=3424"}],"version-history":[{"count":2,"href":"http:\/\/thsc.pt\/index.php?rest_route=\/wp\/v2\/pages\/3424\/revisions"}],"predecessor-version":[{"id":3450,"href":"http:\/\/thsc.pt\/index.php?rest_route=\/wp\/v2\/pages\/3424\/revisions\/3450"}],"wp:attachment":[{"href":"http:\/\/thsc.pt\/index.php?rest_route=%2Fwp%2Fv2%2Fmedia&parent=3424"}],"curies":[{"name":"wp","href":"https:\/\/api.w.org\/{rel}","templated":true}]}}