{"id":3205,"date":"2022-02-16T12:11:57","date_gmt":"2022-02-16T11:11:57","guid":{"rendered":"http:\/\/thsc.pt\/?page_id=3205"},"modified":"2022-03-02T13:35:13","modified_gmt":"2022-03-02T12:35:13","slug":"breu","status":"publish","type":"page","link":"http:\/\/thsc.pt\/?page_id=3205","title":{"rendered":"BREU"},"content":{"rendered":"\t\t<div data-elementor-type=\"wp-page\" data-elementor-id=\"3205\" class=\"elementor elementor-3205\" data-elementor-settings=\"[]\">\n\t\t\t\t\t\t<div class=\"elementor-inner\">\n\t\t\t\t\t\t\t<div class=\"elementor-section-wrap\">\n\t\t\t\t\t\t\t<section class=\"elementor-section elementor-top-section elementor-element elementor-element-2e4217cf elementor-section-height-min-height elementor-section-boxed elementor-section-height-default elementor-section-items-middle\" data-id=\"2e4217cf\" data-element_type=\"section\" data-settings=\"{&quot;background_background&quot;:&quot;classic&quot;}\">\n\t\t\t\t\t\t\t<div class=\"elementor-background-overlay\"><\/div>\n\t\t\t\t\t\t\t<div class=\"elementor-container elementor-column-gap-default\">\n\t\t\t\t\t\t\t<div class=\"elementor-row\">\n\t\t\t\t\t<div class=\"elementor-column elementor-col-100 elementor-top-column elementor-element elementor-element-64743611\" data-id=\"64743611\" data-element_type=\"column\">\n\t\t\t<div class=\"elementor-column-wrap elementor-element-populated\">\n\t\t\t\t\t\t\t<div class=\"elementor-widget-wrap\">\n\t\t\t\t\t\t<div class=\"elementor-element elementor-element-1d42c453 elementor-widget elementor-widget-spacer\" data-id=\"1d42c453\" data-element_type=\"widget\" data-widget_type=\"spacer.default\">\n\t\t\t\t<div class=\"elementor-widget-container\">\n\t\t\t\t\t<div class=\"elementor-spacer\">\n\t\t\t<div class=\"elementor-spacer-inner\"><\/div>\n\t\t<\/div>\n\t\t\t\t<\/div>\n\t\t\t\t<\/div>\n\t\t\t\t<div class=\"elementor-element elementor-element-59f80647 elementor-widget elementor-widget-heading\" data-id=\"59f80647\" data-element_type=\"widget\" data-widget_type=\"heading.default\">\n\t\t\t\t<div class=\"elementor-widget-container\">\n\t\t\t<h1 class=\"elementor-heading-title elementor-size-large\">BREU<\/h1>\t\t<\/div>\n\t\t\t\t<\/div>\n\t\t\t\t<div class=\"elementor-element elementor-element-508c0338 elementor-widget elementor-widget-heading\" data-id=\"508c0338\" data-element_type=\"widget\" data-widget_type=\"heading.default\">\n\t\t\t\t<div class=\"elementor-widget-container\">\n\t\t\t<h3 class=\"elementor-heading-title elementor-size-medium\">R\u00c9PTIL \u2013 ASSOCIA\u00c7\u00c3O CULTURAL\n<\/h3>\t\t<\/div>\n\t\t\t\t<\/div>\n\t\t\t\t<div class=\"elementor-element elementor-element-2d517824 elementor-widget elementor-widget-text-editor\" data-id=\"2d517824\" data-element_type=\"widget\" data-widget_type=\"text-editor.default\">\n\t\t\t\t<div class=\"elementor-widget-container\">\n\t\t\t\t\t<div class=\"elementor-text-editor elementor-clearfix\"><h2><span style=\"color: #ffffff;\"><strong>&#8211; 26 e 27 de mar\u00e7o &#8211;\u00a0<\/strong><\/span><\/h2><p>S\u00e1bado , 26 de mar\u00e7o &#8211; 21h00<br \/>Domingo, 27 de mar\u00e7o &#8211; 17h00\u00a0<\/p><\/div>\n\t\t\t\t<\/div>\n\t\t\t\t<\/div>\n\t\t\t\t<section class=\"elementor-section elementor-inner-section elementor-element elementor-element-400d5f57 elementor-section-content-middle elementor-section-boxed elementor-section-height-default elementor-section-height-default\" data-id=\"400d5f57\" data-element_type=\"section\">\n\t\t\t\t\t\t<div class=\"elementor-container elementor-column-gap-extended\">\n\t\t\t\t\t\t\t<div class=\"elementor-row\">\n\t\t\t\t\t<div class=\"elementor-column elementor-col-100 elementor-inner-column elementor-element elementor-element-40bc3c9a\" data-id=\"40bc3c9a\" data-element_type=\"column\">\n\t\t\t<div class=\"elementor-column-wrap elementor-element-populated\">\n\t\t\t\t\t\t\t<div class=\"elementor-widget-wrap\">\n\t\t\t\t\t\t<div class=\"elementor-element elementor-element-785a97d9 elementor-widget elementor-widget-text-editor\" data-id=\"785a97d9\" data-element_type=\"widget\" data-widget_type=\"text-editor.default\">\n\t\t\t\t<div class=\"elementor-widget-container\">\n\t\t\t\t\t<div class=\"elementor-text-editor elementor-clearfix\"><h5><span style=\"color: #ffffff;\"><b><span style=\"font-family: var( --e-global-typography-text-font-family );\">M\/16 |\u00a0 BILHETES : 7\u20ac\u00a0<\/span><\/b><\/span><\/h5><\/div>\n\t\t\t\t<\/div>\n\t\t\t\t<\/div>\n\t\t\t\t\t\t<\/div>\n\t\t\t\t\t<\/div>\n\t\t<\/div>\n\t\t\t\t\t\t\t\t<\/div>\n\t\t\t\t\t<\/div>\n\t\t<\/section>\n\t\t\t\t\t\t<\/div>\n\t\t\t\t\t<\/div>\n\t\t<\/div>\n\t\t\t\t\t\t\t\t<\/div>\n\t\t\t\t\t<\/div>\n\t\t<\/section>\n\t\t\t\t<section class=\"elementor-section elementor-top-section elementor-element elementor-element-60694695 elementor-section-boxed elementor-section-height-default elementor-section-height-default\" data-id=\"60694695\" data-element_type=\"section\" data-settings=\"{&quot;background_background&quot;:&quot;classic&quot;}\">\n\t\t\t\t\t\t<div class=\"elementor-container elementor-column-gap-default\">\n\t\t\t\t\t\t\t<div class=\"elementor-row\">\n\t\t\t\t\t<div class=\"elementor-column elementor-col-50 elementor-top-column elementor-element elementor-element-77e6fb11\" data-id=\"77e6fb11\" data-element_type=\"column\">\n\t\t\t<div class=\"elementor-column-wrap elementor-element-populated\">\n\t\t\t\t\t\t\t<div class=\"elementor-widget-wrap\">\n\t\t\t\t\t\t<div class=\"elementor-element elementor-element-5bcb1c0b elementor-widget elementor-widget-spacer\" data-id=\"5bcb1c0b\" data-element_type=\"widget\" data-widget_type=\"spacer.default\">\n\t\t\t\t<div class=\"elementor-widget-container\">\n\t\t\t\t\t<div class=\"elementor-spacer\">\n\t\t\t<div class=\"elementor-spacer-inner\"><\/div>\n\t\t<\/div>\n\t\t\t\t<\/div>\n\t\t\t\t<\/div>\n\t\t\t\t<div class=\"elementor-element elementor-element-65eaa754 elementor-widget elementor-widget-text-editor\" data-id=\"65eaa754\" data-element_type=\"widget\" data-widget_type=\"text-editor.default\">\n\t\t\t\t<div class=\"elementor-widget-container\">\n\t\t\t\t\t<div class=\"elementor-text-editor elementor-clearfix\"><p>BREU \u00e9 um espet\u00e1culo de teatro que tem como base de investiga\u00e7\u00e3o a explora\u00e7\u00e3o de fobias, a partir da ideia de que o mundo atual atravessa um momento escuro.<br aria-hidden=\"true\">Este espa\u00e7o, com diferentes universos visuais e sonoros, pretende conduzir o p\u00fablico ao lado mais primitivo das sensa\u00e7\u00f5es, atrav\u00e9s da constru\u00e7\u00e3o de um di\u00e1logo auditivo e imag\u00e9tico, entre aqueles que desejem encontrar no escuro a supera\u00e7\u00e3o de medos e outros significados.<\/p><\/div>\n\t\t\t\t<\/div>\n\t\t\t\t<\/div>\n\t\t\t\t\t\t<\/div>\n\t\t\t\t\t<\/div>\n\t\t<\/div>\n\t\t\t\t<div class=\"elementor-column elementor-col-50 elementor-top-column elementor-element elementor-element-50fddc8c\" data-id=\"50fddc8c\" data-element_type=\"column\" data-settings=\"{&quot;background_background&quot;:&quot;classic&quot;}\">\n\t\t\t<div class=\"elementor-column-wrap elementor-element-populated\">\n\t\t\t\t\t<div class=\"elementor-background-overlay\"><\/div>\n\t\t\t\t\t\t\t<div class=\"elementor-widget-wrap\">\n\t\t\t\t\t\t<div class=\"elementor-element elementor-element-1e46d10 elementor-widget elementor-widget-image\" data-id=\"1e46d10\" data-element_type=\"widget\" data-widget_type=\"image.default\">\n\t\t\t\t<div class=\"elementor-widget-container\">\n\t\t\t\t\t<div class=\"elementor-image\">\n\t\t\t\t\t\t\t\t\t\t<img decoding=\"async\" src=\"http:\/\/thsc.pt\/wp-content\/uploads\/elementor\/thumbs\/Breu_cartaz-1-pl6bh9tmsinpstxhvy4kxyt1zgekm2qzjg6oqz3uao.jpg\" title=\"Breu_cartaz\" alt=\"Breu_cartaz\" \/>\t\t\t\t\t\t\t\t\t\t\t<\/div>\n\t\t\t\t<\/div>\n\t\t\t\t<\/div>\n\t\t\t\t<div class=\"elementor-element elementor-element-24a4d72d elementor-widget elementor-widget-spacer\" data-id=\"24a4d72d\" data-element_type=\"widget\" data-widget_type=\"spacer.default\">\n\t\t\t\t<div class=\"elementor-widget-container\">\n\t\t\t\t\t<div class=\"elementor-spacer\">\n\t\t\t<div class=\"elementor-spacer-inner\"><\/div>\n\t\t<\/div>\n\t\t\t\t<\/div>\n\t\t\t\t<\/div>\n\t\t\t\t\t\t<\/div>\n\t\t\t\t\t<\/div>\n\t\t<\/div>\n\t\t\t\t\t\t\t\t<\/div>\n\t\t\t\t\t<\/div>\n\t\t<\/section>\n\t\t\t\t<section class=\"elementor-section elementor-top-section elementor-element elementor-element-58da24e0 elementor-section-boxed elementor-section-height-default elementor-section-height-default\" data-id=\"58da24e0\" data-element_type=\"section\" data-settings=\"{&quot;background_background&quot;:&quot;classic&quot;}\">\n\t\t\t\t\t\t<div class=\"elementor-container elementor-column-gap-default\">\n\t\t\t\t\t\t\t<div class=\"elementor-row\">\n\t\t\t\t\t\t\t\t\t<\/div>\n\t\t\t\t\t<\/div>\n\t\t<\/section>\n\t\t\t\t<section class=\"elementor-section elementor-top-section elementor-element elementor-element-51340de8 elementor-section-full_width elementor-section-height-min-height elementor-section-height-default elementor-section-items-middle\" data-id=\"51340de8\" data-element_type=\"section\" data-settings=\"{&quot;background_background&quot;:&quot;classic&quot;}\">\n\t\t\t\t\t\t<div class=\"elementor-container elementor-column-gap-no\">\n\t\t\t\t\t\t\t<div class=\"elementor-row\">\n\t\t\t\t\t<div class=\"elementor-column elementor-col-50 elementor-top-column elementor-element elementor-element-6c6c7ba5\" data-id=\"6c6c7ba5\" data-element_type=\"column\">\n\t\t\t<div class=\"elementor-column-wrap elementor-element-populated\">\n\t\t\t\t\t\t\t<div class=\"elementor-widget-wrap\">\n\t\t\t\t\t\t<div class=\"elementor-element elementor-element-777c7fa1 elementor-widget elementor-widget-text-editor\" data-id=\"777c7fa1\" data-element_type=\"widget\" data-widget_type=\"text-editor.default\">\n\t\t\t\t<div class=\"elementor-widget-container\">\n\t\t\t\t\t<div class=\"elementor-text-editor elementor-clearfix\"><blockquote><p class=\"p1\"><span style=\"color: #333333;\"><strong>Ficha T\u00e9cnica<\/strong><\/span><\/p><\/blockquote><p class=\"x_MsoNormal\"><strong>Dire\u00e7\u00e3o art\u00edstica<\/strong><br \/>Filipe Moreira<\/p><p class=\"x_MsoNormal\"><strong>Cocria\u00e7\u00e3o<\/strong><br \/>Filipe Moreira<br \/>Joana Mont&#8217;Alverne<br \/>Mara Nunes<\/p><p class=\"x_MsoNormal\"><strong>Sonoplastia <br \/><\/strong>Mara Nunes<br \/>Mariana Soares<br \/>Rodrigo Malvar<\/p><p><b>AV Performance<br \/><\/b>Vinicius Ferreira<\/p><p class=\"x_MsoNormal\"><strong>Desenho de luz<\/strong><br \/>Pedro Nabais<\/p><p class=\"x_MsoNormal\"><strong>Interpreta\u00e7\u00e3o<\/strong><br \/>Joana Mont\u2019Alverne<br \/>Mara Nunes<br \/><b><\/b><\/p><p class=\"x_MsoNormal\"><b>Voz<br \/><\/b>Filipe Moreira<\/p><p class=\"x_MsoNormal\"><strong>Cenografia<\/strong><br \/>Emanuel Santos<\/p><p class=\"x_MsoNormal\"><strong>Opera\u00e7\u00e3o de som<\/strong><br \/>Mariana Soares<\/p><p class=\"x_MsoNormal\">\u00a0<\/p><\/div>\n\t\t\t\t<\/div>\n\t\t\t\t<\/div>\n\t\t\t\t\t\t<\/div>\n\t\t\t\t\t<\/div>\n\t\t<\/div>\n\t\t\t\t<div class=\"elementor-column elementor-col-50 elementor-top-column elementor-element elementor-element-7cc168dc\" data-id=\"7cc168dc\" data-element_type=\"column\">\n\t\t\t<div class=\"elementor-column-wrap elementor-element-populated\">\n\t\t\t\t\t\t\t<div class=\"elementor-widget-wrap\">\n\t\t\t\t\t\t<div class=\"elementor-element elementor-element-141089b elementor-widget elementor-widget-text-editor\" data-id=\"141089b\" data-element_type=\"widget\" data-widget_type=\"text-editor.default\">\n\t\t\t\t<div class=\"elementor-widget-container\">\n\t\t\t\t\t<div class=\"elementor-text-editor elementor-clearfix\"><p class=\"x_MsoNormal\"><strong>Design gr\u00e1fico<\/strong><br \/>Tiago Moreira<\/p><p class=\"x_MsoNormal\"><strong>Videografia<\/strong><br \/>Ana Sousa<br \/>Bruno Ferraz<\/p><p class=\"x_MsoNormal\"><strong>Produ\u00e7\u00e3o executiva<\/strong><br \/>Lu\u00edsa Teixeira<\/p><p class=\"x_MsoNormal\"><strong>Coprodu\u00e7\u00e3o<\/strong><br \/>R\u00e9ptil associa\u00e7\u00e3o cultural<br \/>Teatro-Cine de Gouveia<\/p><p class=\"x_MsoNormal\"><strong><b>Coprodu\u00e7\u00e3o<br \/><\/b><\/strong>R\u00e9ptil<br \/>Teatro-Cine de Gouveia<br \/>Teatro Helena S\u00e1 e Costa<\/p><p class=\"x_MsoNormal\"><strong>Apoio<\/strong><br \/>Munic\u00edpio de Gouveia<br \/>Rede de Teatros e Cineteatros Portugueses<br \/>Instituto Polit\u00e9cnico do Porto<br \/>Escola Superior de M\u00fasica e Artes do Espet\u00e1culo<br \/>Funda\u00e7\u00e3o Calouste Gulbenkian<br \/>Vis\u00f5es \u00dateis<br \/>Companhia Inst\u00e1vel<br \/>CRL-Central El\u00e9trica<br \/>Ermo do Caos<br \/>Rua do Sol<br \/>In Sken\u00e9 Associa\u00e7\u00e3o Cultural<br \/>Maus H\u00e1bitos &#8211; Espa\u00e7o de Interven\u00e7\u00e3o Cultural<\/p><\/div>\n\t\t\t\t<\/div>\n\t\t\t\t<\/div>\n\t\t\t\t\t\t<\/div>\n\t\t\t\t\t<\/div>\n\t\t<\/div>\n\t\t\t\t\t\t\t\t<\/div>\n\t\t\t\t\t<\/div>\n\t\t<\/section>\n\t\t\t\t\t\t<\/div>\n\t\t\t\t\t\t<\/div>\n\t\t\t\t\t<\/div>\n\t\t","protected":false},"excerpt":{"rendered":"<p>BREU R\u00c9PTIL \u2013 ASSOCIA\u00c7\u00c3O CULTURAL &#8211; 26 e 27 de mar\u00e7o &#8211;\u00a0 S\u00e1bado , 26 de mar\u00e7o &#8211; 21h00Domingo, 27 [&hellip;]<\/p>\n","protected":false},"author":1,"featured_media":0,"parent":0,"menu_order":0,"comment_status":"closed","ping_status":"closed","template":"","meta":[],"_links":{"self":[{"href":"http:\/\/thsc.pt\/index.php?rest_route=\/wp\/v2\/pages\/3205"}],"collection":[{"href":"http:\/\/thsc.pt\/index.php?rest_route=\/wp\/v2\/pages"}],"about":[{"href":"http:\/\/thsc.pt\/index.php?rest_route=\/wp\/v2\/types\/page"}],"author":[{"embeddable":true,"href":"http:\/\/thsc.pt\/index.php?rest_route=\/wp\/v2\/users\/1"}],"replies":[{"embeddable":true,"href":"http:\/\/thsc.pt\/index.php?rest_route=%2Fwp%2Fv2%2Fcomments&post=3205"}],"version-history":[{"count":11,"href":"http:\/\/thsc.pt\/index.php?rest_route=\/wp\/v2\/pages\/3205\/revisions"}],"predecessor-version":[{"id":3281,"href":"http:\/\/thsc.pt\/index.php?rest_route=\/wp\/v2\/pages\/3205\/revisions\/3281"}],"wp:attachment":[{"href":"http:\/\/thsc.pt\/index.php?rest_route=%2Fwp%2Fv2%2Fmedia&parent=3205"}],"curies":[{"name":"wp","href":"https:\/\/api.w.org\/{rel}","templated":true}]}}