{"id":3144,"date":"2022-02-07T17:31:42","date_gmt":"2022-02-07T16:31:42","guid":{"rendered":"http:\/\/thsc.pt\/?page_id=3144"},"modified":"2022-10-19T17:07:43","modified_gmt":"2022-10-19T16:07:43","slug":"despe-te-isabel","status":"publish","type":"page","link":"http:\/\/thsc.pt\/?page_id=3144","title":{"rendered":"DESPE-TE [ISABEL]"},"content":{"rendered":"\t\t<div data-elementor-type=\"wp-page\" data-elementor-id=\"3144\" class=\"elementor elementor-3144\" data-elementor-settings=\"[]\">\n\t\t\t\t\t\t<div class=\"elementor-inner\">\n\t\t\t\t\t\t\t<div class=\"elementor-section-wrap\">\n\t\t\t\t\t\t\t<section class=\"elementor-section elementor-top-section elementor-element elementor-element-10d6685c elementor-section-height-min-height elementor-section-boxed elementor-section-height-default elementor-section-items-middle\" data-id=\"10d6685c\" data-element_type=\"section\" data-settings=\"{&quot;background_background&quot;:&quot;classic&quot;}\">\n\t\t\t\t\t\t\t<div class=\"elementor-background-overlay\"><\/div>\n\t\t\t\t\t\t\t<div class=\"elementor-container elementor-column-gap-default\">\n\t\t\t\t\t\t\t<div class=\"elementor-row\">\n\t\t\t\t\t<div class=\"elementor-column elementor-col-100 elementor-top-column elementor-element elementor-element-6976abc1\" data-id=\"6976abc1\" data-element_type=\"column\">\n\t\t\t<div class=\"elementor-column-wrap elementor-element-populated\">\n\t\t\t\t\t\t\t<div class=\"elementor-widget-wrap\">\n\t\t\t\t\t\t<div class=\"elementor-element elementor-element-30ec1ec0 elementor-widget elementor-widget-spacer\" data-id=\"30ec1ec0\" data-element_type=\"widget\" data-widget_type=\"spacer.default\">\n\t\t\t\t<div class=\"elementor-widget-container\">\n\t\t\t\t\t<div class=\"elementor-spacer\">\n\t\t\t<div class=\"elementor-spacer-inner\"><\/div>\n\t\t<\/div>\n\t\t\t\t<\/div>\n\t\t\t\t<\/div>\n\t\t\t\t<div class=\"elementor-element elementor-element-5174173d elementor-widget elementor-widget-heading\" data-id=\"5174173d\" data-element_type=\"widget\" data-widget_type=\"heading.default\">\n\t\t\t\t<div class=\"elementor-widget-container\">\n\t\t\t<h1 class=\"elementor-heading-title elementor-size-large\">DESPE-TE [ISABEL] <italic>DE ELLA HICKSON<\/italic><\/h1>\t\t<\/div>\n\t\t\t\t<\/div>\n\t\t\t\t<div class=\"elementor-element elementor-element-4ad1d4b elementor-widget elementor-widget-heading\" data-id=\"4ad1d4b\" data-element_type=\"widget\" data-widget_type=\"heading.default\">\n\t\t\t\t<div class=\"elementor-widget-container\">\n\t\t\t<h3 class=\"elementor-heading-title elementor-size-medium\">ENSEMBLE \u2013 SOCIEDADE DE ACTORES<\/h3>\t\t<\/div>\n\t\t\t\t<\/div>\n\t\t\t\t<div class=\"elementor-element elementor-element-3d53b7e8 elementor-widget elementor-widget-text-editor\" data-id=\"3d53b7e8\" data-element_type=\"widget\" data-widget_type=\"text-editor.default\">\n\t\t\t\t<div class=\"elementor-widget-container\">\n\t\t\t\t\t<div class=\"elementor-text-editor elementor-clearfix\"><h2><span style=\"color: #ffffff;\"><strong>&#8211; 10 a 12 de mar\u00e7o-\u00a0<\/strong><\/span><\/h2><p>Quinta-feira , 10 de mar\u00e7o \u2013 21h00<br \/>Sexta-feira , 11 de mar\u00e7o \u2013 21h00<br \/>S\u00e1bado, 12 de mar\u00e7o \u2013 21h00<\/p><\/div>\n\t\t\t\t<\/div>\n\t\t\t\t<\/div>\n\t\t\t\t<section class=\"elementor-section elementor-inner-section elementor-element elementor-element-684f150f elementor-section-content-middle elementor-section-boxed elementor-section-height-default elementor-section-height-default\" data-id=\"684f150f\" data-element_type=\"section\">\n\t\t\t\t\t\t<div class=\"elementor-container elementor-column-gap-extended\">\n\t\t\t\t\t\t\t<div class=\"elementor-row\">\n\t\t\t\t\t<div class=\"elementor-column elementor-col-100 elementor-inner-column elementor-element elementor-element-744644e8\" data-id=\"744644e8\" data-element_type=\"column\">\n\t\t\t<div class=\"elementor-column-wrap elementor-element-populated\">\n\t\t\t\t\t\t\t<div class=\"elementor-widget-wrap\">\n\t\t\t\t\t\t<div class=\"elementor-element elementor-element-66ea9312 elementor-widget elementor-widget-text-editor\" data-id=\"66ea9312\" data-element_type=\"widget\" data-widget_type=\"text-editor.default\">\n\t\t\t\t<div class=\"elementor-widget-container\">\n\t\t\t\t\t<div class=\"elementor-text-editor elementor-clearfix\"><h5><span style=\"color: #ffffff;\"><b><span style=\"font-family: var( --e-global-typography-text-font-family );\">M\/14 |\u00a0 BILHETES : 3\u20ac\u00a0 a 10\u20ac<\/span><\/b><\/span><\/h5><\/div>\n\t\t\t\t<\/div>\n\t\t\t\t<\/div>\n\t\t\t\t\t\t<\/div>\n\t\t\t\t\t<\/div>\n\t\t<\/div>\n\t\t\t\t\t\t\t\t<\/div>\n\t\t\t\t\t<\/div>\n\t\t<\/section>\n\t\t\t\t\t\t<\/div>\n\t\t\t\t\t<\/div>\n\t\t<\/div>\n\t\t\t\t\t\t\t\t<\/div>\n\t\t\t\t\t<\/div>\n\t\t<\/section>\n\t\t\t\t<section class=\"elementor-section elementor-top-section elementor-element elementor-element-39d2bee2 elementor-section-boxed elementor-section-height-default elementor-section-height-default\" data-id=\"39d2bee2\" data-element_type=\"section\" data-settings=\"{&quot;background_background&quot;:&quot;classic&quot;}\">\n\t\t\t\t\t\t<div class=\"elementor-container elementor-column-gap-default\">\n\t\t\t\t\t\t\t<div class=\"elementor-row\">\n\t\t\t\t\t<div class=\"elementor-column elementor-col-33 elementor-top-column elementor-element elementor-element-1211f43e\" data-id=\"1211f43e\" data-element_type=\"column\">\n\t\t\t<div class=\"elementor-column-wrap elementor-element-populated\">\n\t\t\t\t\t\t\t<div class=\"elementor-widget-wrap\">\n\t\t\t\t\t\t<div class=\"elementor-element elementor-element-5678c8bc elementor-widget elementor-widget-spacer\" data-id=\"5678c8bc\" data-element_type=\"widget\" data-widget_type=\"spacer.default\">\n\t\t\t\t<div class=\"elementor-widget-container\">\n\t\t\t\t\t<div class=\"elementor-spacer\">\n\t\t\t<div class=\"elementor-spacer-inner\"><\/div>\n\t\t<\/div>\n\t\t\t\t<\/div>\n\t\t\t\t<\/div>\n\t\t\t\t<div class=\"elementor-element elementor-element-7cee0243 elementor-widget elementor-widget-text-editor\" data-id=\"7cee0243\" data-element_type=\"widget\" data-widget_type=\"text-editor.default\">\n\t\t\t\t<div class=\"elementor-widget-container\">\n\t\t\t\t\t<div class=\"elementor-text-editor elementor-clearfix\"><p class=\"p1\">&#8220;A minha m\u00e3e seduziu um homem com tanto sucesso que ele alterou a hist\u00f3ria constitucional deste pa\u00eds. Conseguiu evitar ir para a cama com o meu pai durante quatro anos. Quando, finalmente, baixou as cuecas, perdeu tudo. A cabe\u00e7a inclu\u00edda.&#8221;<br \/>Isabel I foi a \u00fanica mulher solteira que alguma vez governou a Inglaterra. E reinou durante quarenta e quatro anos. O poder \u00e9 um jogo e ela percebeu isso melhor do que ningu\u00e9m. Estreada no Teatro Sam Whanamaker no Shakespeare&#8217;s Globe, em Londres, em 2019, esta pe\u00e7a reflecte sobre os modos e meios que as mulheres no poder s\u00e3o obrigadas a usar para resistirem \u00e0 press\u00e3o masculina e conseguirem sobreviver num mundo que \u00e9 fundamentalmente hostil com elas e os seus corpos.<br \/>Mais do que pretender ser uma pe\u00e7a hist\u00f3rica, <b><i>Despe-te<\/i><\/b><b><i> <\/i><\/b><b><i>[Isabel]<\/i><\/b><b><i> <\/i><\/b>lan\u00e7a um olhar eloquente e intelectualmente \u00e1gil a temas contempor\u00e2neos sob um prisma hist\u00f3rico.<\/p><p>\u00a0<\/p><p class=\"p1\" style=\"text-align: center;\">\u201cTodo o mundo \u00e9 um palco,<br \/>E todo o homem e mulher, n\u00e3o mais que actores\u201d<br \/>William Shakespeare<\/p><\/div>\n\t\t\t\t<\/div>\n\t\t\t\t<\/div>\n\t\t\t\t\t\t<\/div>\n\t\t\t\t\t<\/div>\n\t\t<\/div>\n\t\t\t\t<div class=\"elementor-column elementor-col-33 elementor-top-column elementor-element elementor-element-4e718c98\" data-id=\"4e718c98\" data-element_type=\"column\" data-settings=\"{&quot;background_background&quot;:&quot;classic&quot;}\">\n\t\t\t<div class=\"elementor-column-wrap elementor-element-populated\">\n\t\t\t\t\t<div class=\"elementor-background-overlay\"><\/div>\n\t\t\t\t\t\t\t<div class=\"elementor-widget-wrap\">\n\t\t\t\t\t\t<div class=\"elementor-element elementor-element-4905c4b1 elementor-widget elementor-widget-spacer\" data-id=\"4905c4b1\" data-element_type=\"widget\" data-widget_type=\"spacer.default\">\n\t\t\t\t<div class=\"elementor-widget-container\">\n\t\t\t\t\t<div class=\"elementor-spacer\">\n\t\t\t<div class=\"elementor-spacer-inner\"><\/div>\n\t\t<\/div>\n\t\t\t\t<\/div>\n\t\t\t\t<\/div>\n\t\t\t\t\t\t<\/div>\n\t\t\t\t\t<\/div>\n\t\t<\/div>\n\t\t\t\t<div class=\"elementor-column elementor-col-33 elementor-top-column elementor-element elementor-element-282dc0a4\" data-id=\"282dc0a4\" data-element_type=\"column\" data-settings=\"{&quot;background_background&quot;:&quot;classic&quot;}\">\n\t\t\t<div class=\"elementor-column-wrap elementor-element-populated\">\n\t\t\t\t\t<div class=\"elementor-background-overlay\"><\/div>\n\t\t\t\t\t\t\t<div class=\"elementor-widget-wrap\">\n\t\t\t\t\t\t<div class=\"elementor-element elementor-element-16247710 elementor-widget elementor-widget-spacer\" data-id=\"16247710\" data-element_type=\"widget\" data-widget_type=\"spacer.default\">\n\t\t\t\t<div class=\"elementor-widget-container\">\n\t\t\t\t\t<div class=\"elementor-spacer\">\n\t\t\t<div class=\"elementor-spacer-inner\"><\/div>\n\t\t<\/div>\n\t\t\t\t<\/div>\n\t\t\t\t<\/div>\n\t\t\t\t\t\t<\/div>\n\t\t\t\t\t<\/div>\n\t\t<\/div>\n\t\t\t\t\t\t\t\t<\/div>\n\t\t\t\t\t<\/div>\n\t\t<\/section>\n\t\t\t\t<section class=\"elementor-section elementor-top-section elementor-element elementor-element-d1b8c38 elementor-section-stretched elementor-section-boxed elementor-section-height-default elementor-section-height-default\" data-id=\"d1b8c38\" data-element_type=\"section\" data-settings=\"{&quot;stretch_section&quot;:&quot;section-stretched&quot;,&quot;background_background&quot;:&quot;classic&quot;}\">\n\t\t\t\t\t\t<div class=\"elementor-container elementor-column-gap-default\">\n\t\t\t\t\t\t\t<div class=\"elementor-row\">\n\t\t\t\t\t<div class=\"elementor-column elementor-col-100 elementor-top-column elementor-element elementor-element-487e68e\" data-id=\"487e68e\" data-element_type=\"column\">\n\t\t\t<div class=\"elementor-column-wrap elementor-element-populated\">\n\t\t\t\t\t\t\t<div class=\"elementor-widget-wrap\">\n\t\t\t\t\t\t<div class=\"elementor-element elementor-element-45e047f elementor-widget elementor-widget-spacer\" data-id=\"45e047f\" data-element_type=\"widget\" data-widget_type=\"spacer.default\">\n\t\t\t\t<div class=\"elementor-widget-container\">\n\t\t\t\t\t<div class=\"elementor-spacer\">\n\t\t\t<div class=\"elementor-spacer-inner\"><\/div>\n\t\t<\/div>\n\t\t\t\t<\/div>\n\t\t\t\t<\/div>\n\t\t\t\t<div class=\"elementor-element elementor-element-b66c783 elementor-widget elementor-widget-text-editor\" data-id=\"b66c783\" data-element_type=\"widget\" data-widget_type=\"text-editor.default\">\n\t\t\t\t<div class=\"elementor-widget-container\">\n\t\t\t\t\t<div class=\"elementor-text-editor elementor-clearfix\"><p class=\"p1\">Vir ao mundo divina, filha de reis, herdeira de tronos; sobreviver, \u00e0 luz de velas que mal espantam a escurid\u00e3o, \u00e0 execu\u00e7\u00e3o da m\u00e3e; assistir ao desmoronar da linha de sucess\u00e3o \u00e0 sua frente, abrindo-se-lhe o caminho at\u00e9 \u00e0 coroa como que por interven\u00e7\u00e3o dos c\u00e9us; ser coroada depois de duas vezes encarcerada, \u00e0 morte tendo escapado pela for\u00e7a do g\u00e9nio; ver o mundo todo conquistado e ela, sozinha, l\u00e1 no alto, vitoriosa, e, ainda assim, que lhe seja repetido, uma e outra vez, por palavras e gestos: n\u00e3o passas de uma mulher.<\/p><p class=\"p4\">N\u00e3o havia de ter homem, de ter dono, nem havia de gerar filhos. N\u00e3o seria o que \u00e9 suposto uma mulher ser, nem muito menos faria o que \u00e9 aconselh\u00e1vel uma mulher fazer. Sobraria apenas a rainha que os s\u00e9culos baptizaram como virgem, pois \u00e0 hist\u00f3ria \u00e9-lhe dif\u00edcil distinguir a pessoa do g\u00e9nero. Virgem. A que n\u00e3o teve sexo. Sim, n\u00e3o o teve, mas n\u00e3o falamos do acto. Isabel foi simplesmente Isabel.<\/p><p class=\"p4\">O poder \u00e9 um jogo de espelhos e o seu exerc\u00edcio, que t\u00e3o simplesmente nos aproximemos ou distanciemos do nosso reflexo. E, quanto mais longe, mais difuso ele se torna. Consequentemente, mais poderoso, porque menos claro, menos suscept\u00edvel de se deixar prender e fixar. Aqui, neste espect\u00e1culo, a alegoria transubstancia-se na cena. No espelho gigante, que vemos bailar por si pelo palco fora, Isabel n\u00e3o se deixa definir pela imagem que supomos ver reflectida. Joga o jogo, apenas. Afasta-se e aproxima-se. E n\u00e3o h\u00e1 aqui homens para ver projectados, t\u00e3o somente personagens masculinas que actrizes interpretam. Despindo-as dos corpos varonis, sobra apenas a ideia do homem, a ideia do conquistador sexual e pol\u00edtico que insiste em querer ver de Isabel um reflexo que o assegure na sua pr\u00f3pria condi\u00e7\u00e3o. Um reflexo que n\u00e3o o assuste. Reduzido a personagem, o homem, assim entendido, revela-se apenas uma imagem poss\u00edvel, entre muitas. Uma interpreta\u00e7\u00e3o, entre muitas, do que \u00e9 ser-se homem. E, quando confiada a mulheres, essa mesma interpreta\u00e7\u00e3o revela-se em toda a sua fragilidade.<\/p><p class=\"p10\">Que se dispa Isabel, \u00e9 o que o t\u00edtulo lhe pede. E ela assim o faz. Mas estar\u00e1 quem o pede, o espectador an\u00f3nimo que imaginamos que o pe\u00e7a, preparado para contemplar a nudez da rainha?<\/p><p class=\"p11\" style=\"text-align: right;\">(Pedro Galiza)<\/p><\/div>\n\t\t\t\t<\/div>\n\t\t\t\t<\/div>\n\t\t\t\t\t\t<\/div>\n\t\t\t\t\t<\/div>\n\t\t<\/div>\n\t\t\t\t\t\t\t\t<\/div>\n\t\t\t\t\t<\/div>\n\t\t<\/section>\n\t\t\t\t<section class=\"elementor-section elementor-top-section elementor-element elementor-element-787316d6 elementor-section-boxed elementor-section-height-default elementor-section-height-default\" data-id=\"787316d6\" data-element_type=\"section\" data-settings=\"{&quot;background_background&quot;:&quot;classic&quot;}\">\n\t\t\t\t\t\t<div class=\"elementor-container elementor-column-gap-default\">\n\t\t\t\t\t\t\t<div class=\"elementor-row\">\n\t\t\t\t\t\t\t\t\t<\/div>\n\t\t\t\t\t<\/div>\n\t\t<\/section>\n\t\t\t\t<section class=\"elementor-section elementor-top-section elementor-element elementor-element-698b78d0 elementor-section-full_width elementor-section-height-min-height elementor-section-height-default elementor-section-items-middle\" data-id=\"698b78d0\" data-element_type=\"section\" data-settings=\"{&quot;background_background&quot;:&quot;classic&quot;}\">\n\t\t\t\t\t\t<div class=\"elementor-container elementor-column-gap-no\">\n\t\t\t\t\t\t\t<div class=\"elementor-row\">\n\t\t\t\t\t<div class=\"elementor-column elementor-col-50 elementor-top-column elementor-element elementor-element-2aa09671\" data-id=\"2aa09671\" data-element_type=\"column\">\n\t\t\t<div class=\"elementor-column-wrap elementor-element-populated\">\n\t\t\t\t\t\t\t<div class=\"elementor-widget-wrap\">\n\t\t\t\t\t\t<div class=\"elementor-element elementor-element-5779aff0 elementor-widget elementor-widget-text-editor\" data-id=\"5779aff0\" data-element_type=\"widget\" data-widget_type=\"text-editor.default\">\n\t\t\t\t<div class=\"elementor-widget-container\">\n\t\t\t\t\t<div class=\"elementor-text-editor elementor-clearfix\"><blockquote><p class=\"p1\"><span style=\"color: #333333;\"><strong>Ficha T\u00e9cnica<\/strong><\/span><\/p><\/blockquote><p class=\"p1\"><strong>Tradu\u00e7\u00e3o e encena\u00e7\u00e3o<\/strong><br \/>Pedro Galiza<\/p><p class=\"p2\"><strong>Interpreta\u00e7\u00e3o<\/strong><br \/>Em\u00edlia Silvestre<br \/>Ana Pinheiro<br \/>Filomena Gigante<br \/>Margarida Carvalho<\/p><p class=\"p3\"><b><i>M\u00fasica*, desenho e opera\u00e7\u00e3o de som<\/i><\/b><br \/>Ricardo Pinto<\/p><p class=\"p2\"><strong>Desenho de luz<\/strong><br \/>Rui Monteiro<\/p><p class=\"p1\">*(a partir da <i>Chaconne<\/i><i> <\/i>em R\u00e9 Menor, P. 41 de Johann Pachelbel)<\/p><\/div>\n\t\t\t\t<\/div>\n\t\t\t\t<\/div>\n\t\t\t\t\t\t<\/div>\n\t\t\t\t\t<\/div>\n\t\t<\/div>\n\t\t\t\t<div class=\"elementor-column elementor-col-50 elementor-top-column elementor-element elementor-element-3a99ec15\" data-id=\"3a99ec15\" data-element_type=\"column\">\n\t\t\t<div class=\"elementor-column-wrap elementor-element-populated\">\n\t\t\t\t\t\t\t<div class=\"elementor-widget-wrap\">\n\t\t\t\t\t\t<div class=\"elementor-element elementor-element-3b5460a2 elementor-widget elementor-widget-text-editor\" data-id=\"3b5460a2\" data-element_type=\"widget\" data-widget_type=\"text-editor.default\">\n\t\t\t\t<div class=\"elementor-widget-container\">\n\t\t\t\t\t<div class=\"elementor-text-editor elementor-clearfix\"><p class=\"p1\"><strong>Figurinos<\/strong><br \/>Bernardo Monteiro<\/p><p class=\"p2\"><strong>Espa\u00e7o c\u00e9nico<\/strong><br \/>Pedro Galiza<\/p><p class=\"p3\"><strong>V\u00eddeo<\/strong><br \/>Jo\u00e3o Pedro Fonseca<\/p><p class=\"p3\"><strong>Assistente de encena\u00e7\u00e3o<\/strong><br \/>In\u00eas Sim\u00f5es Pereira<\/p><p class=\"p3\"><b>Assist\u00eancia ao desenho de luz e opera\u00e7\u00e3o<\/b><br \/>Tiago Silva<\/p><p class=\"p2\"><b>Assist\u00eancia c\u00e9nica e de produ\u00e7\u00e3o<\/b><br \/>Sara Pacheco e Beatriz Pinho<\/p><p class=\"p1\">O <strong><span class=\"s2\">E<\/span>NS<span class=\"s3\">E<\/span><span class=\"s4\">M<\/span><span class=\"s2\">B<\/span>LE \u2013 S<span class=\"s3\">OC<\/span>I<span class=\"s2\">E<\/span><span class=\"s3\">DA<\/span>DE DE A<span class=\"s3\">C<\/span>TO<span class=\"s2\">R<\/span>ES<\/strong> \u00c9 <span class=\"s2\">U<\/span>MA ESTRU<span class=\"s3\">T<\/span><span class=\"s2\">U<\/span><span class=\"s3\">R<\/span>A <span class=\"s3\">F<\/span>INA<span class=\"s3\">N<\/span><span class=\"s2\">C<\/span><span class=\"s3\">I<\/span>ADA PE<span class=\"s2\">L<\/span>O M<span class=\"s3\">C<\/span><span class=\"s2\">\/<\/span><span class=\"s3\">D<\/span>G<span class=\"s3\">A<\/span><span class=\"s2\">R<\/span>TES<\/p><\/div>\n\t\t\t\t<\/div>\n\t\t\t\t<\/div>\n\t\t\t\t\t\t<\/div>\n\t\t\t\t\t<\/div>\n\t\t<\/div>\n\t\t\t\t\t\t\t\t<\/div>\n\t\t\t\t\t<\/div>\n\t\t<\/section>\n\t\t\t\t<section class=\"elementor-section elementor-top-section elementor-element elementor-element-21a57259 elementor-section-full_width elementor-section-stretched elementor-section-height-default elementor-section-height-default\" data-id=\"21a57259\" data-element_type=\"section\" data-settings=\"{&quot;stretch_section&quot;:&quot;section-stretched&quot;,&quot;background_background&quot;:&quot;classic&quot;}\">\n\t\t\t\t\t\t<div class=\"elementor-container elementor-column-gap-default\">\n\t\t\t\t\t\t\t<div class=\"elementor-row\">\n\t\t\t\t\t<div class=\"elementor-column elementor-col-100 elementor-top-column elementor-element elementor-element-7d05c33c\" data-id=\"7d05c33c\" data-element_type=\"column\">\n\t\t\t<div class=\"elementor-column-wrap elementor-element-populated\">\n\t\t\t\t\t\t\t<div class=\"elementor-widget-wrap\">\n\t\t\t\t\t\t<div class=\"elementor-element elementor-element-2189f29a elementor-widget elementor-widget-gallery\" data-id=\"2189f29a\" data-element_type=\"widget\" data-settings=\"{&quot;gallery_layout&quot;:&quot;masonry&quot;,&quot;columns&quot;:3,&quot;columns_tablet&quot;:3,&quot;columns_mobile&quot;:2,&quot;lazyload&quot;:&quot;yes&quot;,&quot;gap&quot;:{&quot;unit&quot;:&quot;px&quot;,&quot;size&quot;:10,&quot;sizes&quot;:[]},&quot;gap_tablet&quot;:{&quot;unit&quot;:&quot;px&quot;,&quot;size&quot;:10,&quot;sizes&quot;:[]},&quot;gap_mobile&quot;:{&quot;unit&quot;:&quot;px&quot;,&quot;size&quot;:10,&quot;sizes&quot;:[]},&quot;overlay_background&quot;:&quot;yes&quot;,&quot;content_hover_animation&quot;:&quot;fade-in&quot;}\" data-widget_type=\"gallery.default\">\n\t\t\t\t<div class=\"elementor-widget-container\">\n\t\t\t\t\t<div class=\"elementor-gallery__container\">\n\t\t\t\t\t\t\t<div class=\"e-gallery-item elementor-gallery-item elementor-animated-content\">\n\t\t\t\t\t<div class=\"e-gallery-image elementor-gallery-item__image\" data-thumbnail=\"http:\/\/thsc.pt\/wp-content\/uploads\/2022\/02\/DESPE-TE-ISABEL-03-1024x683.jpg\" data-width=\"1024\" data-height=\"683\" alt=\"\" ><\/div>\n\t\t\t\t\t\t\t\t\t\t<div class=\"elementor-gallery-item__overlay\"><\/div>\n\t\t\t\t\t\t\t\t\t\t\t\t\t\t<\/div>\n\t\t\t\t\t\t\t<div class=\"e-gallery-item elementor-gallery-item elementor-animated-content\">\n\t\t\t\t\t<div class=\"e-gallery-image elementor-gallery-item__image\" data-thumbnail=\"http:\/\/thsc.pt\/wp-content\/uploads\/2022\/02\/DESPE-TE-ISABEL-01-683x1024.jpg\" data-width=\"683\" data-height=\"1024\" alt=\"\" ><\/div>\n\t\t\t\t\t\t\t\t\t\t<div class=\"elementor-gallery-item__overlay\"><\/div>\n\t\t\t\t\t\t\t\t\t\t\t\t\t\t<\/div>\n\t\t\t\t\t\t\t<div class=\"e-gallery-item elementor-gallery-item elementor-animated-content\">\n\t\t\t\t\t<div class=\"e-gallery-image elementor-gallery-item__image\" data-thumbnail=\"http:\/\/thsc.pt\/wp-content\/uploads\/2022\/02\/despe_te-1024x420.jpg\" data-width=\"1024\" data-height=\"420\" alt=\"\" ><\/div>\n\t\t\t\t\t\t\t\t\t\t<div class=\"elementor-gallery-item__overlay\"><\/div>\n\t\t\t\t\t\t\t\t\t\t\t\t\t\t<\/div>\n\t\t\t\t\t\t\t<div class=\"e-gallery-item elementor-gallery-item elementor-animated-content\">\n\t\t\t\t\t<div class=\"e-gallery-image elementor-gallery-item__image\" data-thumbnail=\"http:\/\/thsc.pt\/wp-content\/uploads\/2022\/02\/DESPE-TE-ISABEL-02-683x1024.jpg\" data-width=\"683\" data-height=\"1024\" alt=\"\" ><\/div>\n\t\t\t\t\t\t\t\t\t\t<div class=\"elementor-gallery-item__overlay\"><\/div>\n\t\t\t\t\t\t\t\t\t\t\t\t\t\t<\/div>\n\t\t\t\t\t<\/div>\n\t\t\t<\/div>\n\t\t\t\t<\/div>\n\t\t\t\t\t\t<\/div>\n\t\t\t\t\t<\/div>\n\t\t<\/div>\n\t\t\t\t\t\t\t\t<\/div>\n\t\t\t\t\t<\/div>\n\t\t<\/section>\n\t\t\t\t\t\t<\/div>\n\t\t\t\t\t\t<\/div>\n\t\t\t\t\t<\/div>\n\t\t","protected":false},"excerpt":{"rendered":"<p>DESPE-TE [ISABEL] DE ELLA HICKSON ENSEMBLE \u2013 SOCIEDADE DE ACTORES &#8211; 10 a 12 de mar\u00e7o-\u00a0 Quinta-feira , 10 de [&hellip;]<\/p>\n","protected":false},"author":1,"featured_media":0,"parent":0,"menu_order":0,"comment_status":"closed","ping_status":"closed","template":"","meta":[],"_links":{"self":[{"href":"http:\/\/thsc.pt\/index.php?rest_route=\/wp\/v2\/pages\/3144"}],"collection":[{"href":"http:\/\/thsc.pt\/index.php?rest_route=\/wp\/v2\/pages"}],"about":[{"href":"http:\/\/thsc.pt\/index.php?rest_route=\/wp\/v2\/types\/page"}],"author":[{"embeddable":true,"href":"http:\/\/thsc.pt\/index.php?rest_route=\/wp\/v2\/users\/1"}],"replies":[{"embeddable":true,"href":"http:\/\/thsc.pt\/index.php?rest_route=%2Fwp%2Fv2%2Fcomments&post=3144"}],"version-history":[{"count":9,"href":"http:\/\/thsc.pt\/index.php?rest_route=\/wp\/v2\/pages\/3144\/revisions"}],"predecessor-version":[{"id":3680,"href":"http:\/\/thsc.pt\/index.php?rest_route=\/wp\/v2\/pages\/3144\/revisions\/3680"}],"wp:attachment":[{"href":"http:\/\/thsc.pt\/index.php?rest_route=%2Fwp%2Fv2%2Fmedia&parent=3144"}],"curies":[{"name":"wp","href":"https:\/\/api.w.org\/{rel}","templated":true}]}}