{"id":3011,"date":"2021-12-15T11:20:35","date_gmt":"2021-12-15T10:20:35","guid":{"rendered":"http:\/\/thsc.pt\/?page_id=3011"},"modified":"2021-12-17T18:40:46","modified_gmt":"2021-12-17T17:40:46","slug":"clarmeet-porto21","status":"publish","type":"page","link":"http:\/\/thsc.pt\/?page_id=3011","title":{"rendered":"CLARMEET.PORTO\u201921"},"content":{"rendered":"\t\t<div data-elementor-type=\"wp-page\" data-elementor-id=\"3011\" class=\"elementor elementor-3011\" data-elementor-settings=\"[]\">\n\t\t\t\t\t\t<div class=\"elementor-inner\">\n\t\t\t\t\t\t\t<div class=\"elementor-section-wrap\">\n\t\t\t\t\t\t\t<section class=\"elementor-section elementor-top-section elementor-element elementor-element-73303a47 elementor-section-height-min-height elementor-section-boxed elementor-section-height-default elementor-section-items-middle\" data-id=\"73303a47\" data-element_type=\"section\" data-settings=\"{&quot;background_background&quot;:&quot;classic&quot;}\">\n\t\t\t\t\t\t\t<div class=\"elementor-background-overlay\"><\/div>\n\t\t\t\t\t\t\t<div class=\"elementor-container elementor-column-gap-default\">\n\t\t\t\t\t\t\t<div class=\"elementor-row\">\n\t\t\t\t\t<div class=\"elementor-column elementor-col-100 elementor-top-column elementor-element elementor-element-52ff49c3\" data-id=\"52ff49c3\" data-element_type=\"column\">\n\t\t\t<div class=\"elementor-column-wrap elementor-element-populated\">\n\t\t\t\t\t\t\t<div class=\"elementor-widget-wrap\">\n\t\t\t\t\t\t<div class=\"elementor-element elementor-element-38569e58 elementor-widget elementor-widget-spacer\" data-id=\"38569e58\" data-element_type=\"widget\" data-widget_type=\"spacer.default\">\n\t\t\t\t<div class=\"elementor-widget-container\">\n\t\t\t\t\t<div class=\"elementor-spacer\">\n\t\t\t<div class=\"elementor-spacer-inner\"><\/div>\n\t\t<\/div>\n\t\t\t\t<\/div>\n\t\t\t\t<\/div>\n\t\t\t\t<div class=\"elementor-element elementor-element-50a500ad elementor-widget elementor-widget-heading\" data-id=\"50a500ad\" data-element_type=\"widget\" data-widget_type=\"heading.default\">\n\t\t\t\t<div class=\"elementor-widget-container\">\n\t\t\t<h1 class=\"elementor-heading-title elementor-size-large\">CLARMEET.PORTO\u201921\n<\/h1>\t\t<\/div>\n\t\t\t\t<\/div>\n\t\t\t\t<div class=\"elementor-element elementor-element-33bb083f elementor-widget elementor-widget-heading\" data-id=\"33bb083f\" data-element_type=\"widget\" data-widget_type=\"heading.default\">\n\t\t\t\t<div class=\"elementor-widget-container\">\n\t\t\t<h3 class=\"elementor-heading-title elementor-size-medium\">10\u00ba Encontro Internacional de Clarinete da APC<\/h3>\t\t<\/div>\n\t\t\t\t<\/div>\n\t\t\t\t<div class=\"elementor-element elementor-element-2f4eb0fa elementor-widget elementor-widget-text-editor\" data-id=\"2f4eb0fa\" data-element_type=\"widget\" data-widget_type=\"text-editor.default\">\n\t\t\t\t<div class=\"elementor-widget-container\">\n\t\t\t\t\t<div class=\"elementor-text-editor elementor-clearfix\"><h2><span style=\"color: #ffffff;\"><strong>&#8211; 18 a 21 de dezembro &#8211;\u00a0<\/strong><\/span><\/h2><p>S\u00e1bado a segunda-feira , 18 a 20 de dezembro \u2013 21h30<br \/>Ter\u00e7a-feira, 21 de dezembro &#8211; 18h00\u00a0<\/p><\/div>\n\t\t\t\t<\/div>\n\t\t\t\t<\/div>\n\t\t\t\t<section class=\"elementor-section elementor-inner-section elementor-element elementor-element-4d4d03a1 elementor-section-content-middle elementor-section-boxed elementor-section-height-default elementor-section-height-default\" data-id=\"4d4d03a1\" data-element_type=\"section\">\n\t\t\t\t\t\t<div class=\"elementor-container elementor-column-gap-extended\">\n\t\t\t\t\t\t\t<div class=\"elementor-row\">\n\t\t\t\t\t<div class=\"elementor-column elementor-col-100 elementor-inner-column elementor-element elementor-element-36b3a07f\" data-id=\"36b3a07f\" data-element_type=\"column\">\n\t\t\t<div class=\"elementor-column-wrap elementor-element-populated\">\n\t\t\t\t\t\t\t<div class=\"elementor-widget-wrap\">\n\t\t\t\t\t\t<div class=\"elementor-element elementor-element-5d896483 elementor-widget elementor-widget-text-editor\" data-id=\"5d896483\" data-element_type=\"widget\" data-widget_type=\"text-editor.default\">\n\t\t\t\t<div class=\"elementor-widget-container\">\n\t\t\t\t\t<div class=\"elementor-text-editor elementor-clearfix\"><h5><span style=\"color: #ffffff;\"><b><span style=\"font-family: var( --e-global-typography-text-font-family );\">M\/6 |\u00a0 BILHETES : 5\u20ac\u00a0<\/span><\/b><\/span><\/h5><\/div>\n\t\t\t\t<\/div>\n\t\t\t\t<\/div>\n\t\t\t\t\t\t<\/div>\n\t\t\t\t\t<\/div>\n\t\t<\/div>\n\t\t\t\t\t\t\t\t<\/div>\n\t\t\t\t\t<\/div>\n\t\t<\/section>\n\t\t\t\t\t\t<\/div>\n\t\t\t\t\t<\/div>\n\t\t<\/div>\n\t\t\t\t\t\t\t\t<\/div>\n\t\t\t\t\t<\/div>\n\t\t<\/section>\n\t\t\t\t<section class=\"elementor-section elementor-top-section elementor-element elementor-element-36bdc655 elementor-section-boxed elementor-section-height-default elementor-section-height-default\" data-id=\"36bdc655\" data-element_type=\"section\" data-settings=\"{&quot;background_background&quot;:&quot;classic&quot;}\">\n\t\t\t\t\t\t<div class=\"elementor-container elementor-column-gap-default\">\n\t\t\t\t\t\t\t<div class=\"elementor-row\">\n\t\t\t\t\t<div class=\"elementor-column elementor-col-33 elementor-top-column elementor-element elementor-element-3a1f7d02\" data-id=\"3a1f7d02\" data-element_type=\"column\">\n\t\t\t<div class=\"elementor-column-wrap elementor-element-populated\">\n\t\t\t\t\t\t\t<div class=\"elementor-widget-wrap\">\n\t\t\t\t\t\t<div class=\"elementor-element elementor-element-46c98513 elementor-widget elementor-widget-spacer\" data-id=\"46c98513\" data-element_type=\"widget\" data-widget_type=\"spacer.default\">\n\t\t\t\t<div class=\"elementor-widget-container\">\n\t\t\t\t\t<div class=\"elementor-spacer\">\n\t\t\t<div class=\"elementor-spacer-inner\"><\/div>\n\t\t<\/div>\n\t\t\t\t<\/div>\n\t\t\t\t<\/div>\n\t\t\t\t<div class=\"elementor-element elementor-element-789fd04d elementor-widget elementor-widget-text-editor\" data-id=\"789fd04d\" data-element_type=\"widget\" data-widget_type=\"text-editor.default\">\n\t\t\t\t<div class=\"elementor-widget-container\">\n\t\t\t\t\t<div class=\"elementor-text-editor elementor-clearfix\"><p>\u00a0<\/p><p>\u00a0<\/p><p>O ClarMeet.Porto\u201921 \u00e9 o 10\u00ba Encontro Internacional organizado pela APC &#8211; Associa\u00e7\u00e3o Portuguesa do Clarinete. Nos \u00faltimos anos, tornou-se numa refer\u00eancia nacional e internacional do mundo clarinet\u00edstico e esta edi\u00e7\u00e3o ser\u00e1 a primeira a ser realizada exclusivamente na ESMAE. \u00c9 um encontro singular que prima pelo conv\u00edvio e excelente ambiente entre grandes solistas internacionais, grupos extraordin\u00e1rios, a comunidade do clarinete e de todos os que gostam de m\u00fasica (clarinetistas ou n\u00e3o) desde os estudantes do ensino superior aos mais e menos jovens, passando pelos amadores que a APC tanto quer valorizar e acarinhar. A oferta \u00e9 completa: concertos, masterclasses, concursos, workshops, exposi\u00e7\u00f5es e muita anima\u00e7\u00e3o nos after-parties! Estar\u00e1 em cena de 18 a 21 de dezembro e, como sempre, todos s\u00e3o muito bem vindos.<\/p><\/div>\n\t\t\t\t<\/div>\n\t\t\t\t<\/div>\n\t\t\t\t\t\t<\/div>\n\t\t\t\t\t<\/div>\n\t\t<\/div>\n\t\t\t\t<div class=\"elementor-column elementor-col-33 elementor-top-column elementor-element elementor-element-48dd4b7a\" data-id=\"48dd4b7a\" data-element_type=\"column\" data-settings=\"{&quot;background_background&quot;:&quot;classic&quot;}\">\n\t\t\t<div class=\"elementor-column-wrap elementor-element-populated\">\n\t\t\t\t\t<div class=\"elementor-background-overlay\"><\/div>\n\t\t\t\t\t\t\t<div class=\"elementor-widget-wrap\">\n\t\t\t\t\t\t<div class=\"elementor-element elementor-element-349337b8 elementor-widget elementor-widget-spacer\" data-id=\"349337b8\" data-element_type=\"widget\" data-widget_type=\"spacer.default\">\n\t\t\t\t<div class=\"elementor-widget-container\">\n\t\t\t\t\t<div class=\"elementor-spacer\">\n\t\t\t<div class=\"elementor-spacer-inner\"><\/div>\n\t\t<\/div>\n\t\t\t\t<\/div>\n\t\t\t\t<\/div>\n\t\t\t\t\t\t<\/div>\n\t\t\t\t\t<\/div>\n\t\t<\/div>\n\t\t\t\t<div class=\"elementor-column elementor-col-33 elementor-top-column elementor-element elementor-element-3cd846a4\" data-id=\"3cd846a4\" data-element_type=\"column\" data-settings=\"{&quot;background_background&quot;:&quot;classic&quot;}\">\n\t\t\t<div class=\"elementor-column-wrap elementor-element-populated\">\n\t\t\t\t\t<div class=\"elementor-background-overlay\"><\/div>\n\t\t\t\t\t\t\t<div class=\"elementor-widget-wrap\">\n\t\t\t\t\t\t<div class=\"elementor-element elementor-element-3b8fc36 elementor-widget elementor-widget-spacer\" data-id=\"3b8fc36\" data-element_type=\"widget\" data-widget_type=\"spacer.default\">\n\t\t\t\t<div class=\"elementor-widget-container\">\n\t\t\t\t\t<div class=\"elementor-spacer\">\n\t\t\t<div class=\"elementor-spacer-inner\"><\/div>\n\t\t<\/div>\n\t\t\t\t<\/div>\n\t\t\t\t<\/div>\n\t\t\t\t<div class=\"elementor-element elementor-element-1d54c98 elementor-widget elementor-widget-image\" data-id=\"1d54c98\" data-element_type=\"widget\" data-widget_type=\"image.default\">\n\t\t\t\t<div class=\"elementor-widget-container\">\n\t\t\t\t\t<div class=\"elementor-image\">\n\t\t\t\t\t\t\t\t\t\t<img width=\"1024\" height=\"473\" src=\"http:\/\/thsc.pt\/wp-content\/uploads\/2021\/12\/ClarMeet_capa_Prancheta-1-1024x473.png\" class=\"attachment-large size-large\" alt=\"\" decoding=\"async\" loading=\"lazy\" srcset=\"http:\/\/thsc.pt\/wp-content\/uploads\/2021\/12\/ClarMeet_capa_Prancheta-1-1024x473.png 1024w, http:\/\/thsc.pt\/wp-content\/uploads\/2021\/12\/ClarMeet_capa_Prancheta-1-300x139.png 300w, http:\/\/thsc.pt\/wp-content\/uploads\/2021\/12\/ClarMeet_capa_Prancheta-1-768x355.png 768w, http:\/\/thsc.pt\/wp-content\/uploads\/2021\/12\/ClarMeet_capa_Prancheta-1-1536x710.png 1536w, http:\/\/thsc.pt\/wp-content\/uploads\/2021\/12\/ClarMeet_capa_Prancheta-1-2048x946.png 2048w\" sizes=\"(max-width: 1024px) 100vw, 1024px\" \/>\t\t\t\t\t\t\t\t\t\t\t<\/div>\n\t\t\t\t<\/div>\n\t\t\t\t<\/div>\n\t\t\t\t\t\t<\/div>\n\t\t\t\t\t<\/div>\n\t\t<\/div>\n\t\t\t\t\t\t\t\t<\/div>\n\t\t\t\t\t<\/div>\n\t\t<\/section>\n\t\t\t\t<section class=\"elementor-section elementor-top-section elementor-element elementor-element-7034a51b elementor-section-boxed elementor-section-height-default elementor-section-height-default\" data-id=\"7034a51b\" data-element_type=\"section\" data-settings=\"{&quot;background_background&quot;:&quot;classic&quot;}\">\n\t\t\t\t\t\t<div class=\"elementor-container elementor-column-gap-default\">\n\t\t\t\t\t\t\t<div class=\"elementor-row\">\n\t\t\t\t\t\t\t\t\t<\/div>\n\t\t\t\t\t<\/div>\n\t\t<\/section>\n\t\t\t\t<section class=\"elementor-section elementor-top-section elementor-element elementor-element-9804f94 elementor-section-full_width elementor-section-height-min-height elementor-section-height-default elementor-section-items-middle\" data-id=\"9804f94\" data-element_type=\"section\" data-settings=\"{&quot;background_background&quot;:&quot;classic&quot;}\">\n\t\t\t\t\t\t<div class=\"elementor-container elementor-column-gap-no\">\n\t\t\t\t\t\t\t<div class=\"elementor-row\">\n\t\t\t\t\t<div class=\"elementor-column elementor-col-50 elementor-top-column elementor-element elementor-element-54cf5b1\" data-id=\"54cf5b1\" data-element_type=\"column\">\n\t\t\t<div class=\"elementor-column-wrap elementor-element-populated\">\n\t\t\t\t\t\t\t<div class=\"elementor-widget-wrap\">\n\t\t\t\t\t\t<div class=\"elementor-element elementor-element-878a0c9 elementor-widget elementor-widget-text-editor\" data-id=\"878a0c9\" data-element_type=\"widget\" data-widget_type=\"text-editor.default\">\n\t\t\t\t<div class=\"elementor-widget-container\">\n\t\t\t\t\t<div class=\"elementor-text-editor elementor-clearfix\"><blockquote><p class=\"p1\"><strong>Programa<\/strong><\/p><\/blockquote><p><strong><span style=\"color: #0000ff;\">S\u00e1bado,18 de dezembro \u00e0s 21h30<\/span><\/strong><span style=\"color: #0000ff;\"><i><br \/>Concerto de Gala<\/i><\/span><b style=\"font-family: var( --e-global-typography-text-font-family );\"><br \/>Ant\u00f3nio Saiote e Quarteto de Cordas<\/b><\/p><p><strong><span style=\"color: #0000ff;\">Domingo,19 de dezembro \u00e0s 21h30<\/span><\/strong><span style=\"color: #0000ff;\"><em><br \/>Concerto de Gala<\/em><\/span><span style=\"font-family: var( --e-global-typography-text-font-family );\"><b><br \/>Shirley Brill<\/b><\/span><b><span style=\"font-family: var( --e-global-typography-text-font-family );\"><br \/>Florent H\u00e9au<\/span><span style=\"font-family: var( --e-global-typography-text-font-family );\"><br \/>Josep Fuster<\/span><span style=\"font-family: var( --e-global-typography-text-font-family );\"><br \/>Quarteto de Cordas<\/span><\/b><br \/><span style=\"color: #0000ff;\">pianista<\/span> <b>S\u00e9rgio de A<\/b><\/p><p>\u00a0<\/p><p>\u00a0<\/p><p>\u00a0<\/p><p><strong><a href=\"https:\/\/www.esmae.ipp.pt\/download-docs\/Clarmeet21.pdf\"><span style=\"color: #0000ff;\">+INFO PROGRAMA\u00c7\u00c3O\u00a0<\/span><\/a><\/strong><\/p><\/div>\n\t\t\t\t<\/div>\n\t\t\t\t<\/div>\n\t\t\t\t\t\t<\/div>\n\t\t\t\t\t<\/div>\n\t\t<\/div>\n\t\t\t\t<div class=\"elementor-column elementor-col-50 elementor-top-column elementor-element elementor-element-37f917c\" data-id=\"37f917c\" data-element_type=\"column\">\n\t\t\t<div class=\"elementor-column-wrap elementor-element-populated\">\n\t\t\t\t\t\t\t<div class=\"elementor-widget-wrap\">\n\t\t\t\t\t\t<div class=\"elementor-element elementor-element-b1779a0 elementor-widget elementor-widget-text-editor\" data-id=\"b1779a0\" data-element_type=\"widget\" data-widget_type=\"text-editor.default\">\n\t\t\t\t<div class=\"elementor-widget-container\">\n\t\t\t\t\t<div class=\"elementor-text-editor elementor-clearfix\"><p><strong><span style=\"color: #0000ff;\">Segunda-feira, 20 de dezembro \u00e0s 21h30<\/span><\/strong><span style=\"color: #0000ff;\"><br \/>Concerto de Gala<\/span><br \/><b>Juan Ferrer<br \/>Arno Piters<br \/>Quarteto de Cordas<\/b><br \/><span style=\"color: #0000ff;\">pianista<\/span> <b>Elsa Silva<\/b><\/p><p><strong><span style=\"color: #0000ff;\">Ter\u00e7a-feira, 21 de dezembro \u00e0s 15h30<\/span><\/strong><br \/><span style=\"color: #0000ff;\"><em>Performance Feel Libitum<\/em><\/span><br \/><strong>Jos\u00e9 Ricardo Freitas<\/strong><br \/><strong>Lu\u00eds Santos<\/strong><br \/><strong>Tiago Abrantes<\/strong><\/p><p><strong><span style=\"color: #0000ff;\">Ter\u00e7a-feira, 21 de dezembro \u00e0s 18h00<\/span><\/strong><em><span style=\"color: #0000ff;\"><br \/>Cerim\u00f3nia de Laureados e Concerto de Encerramento<\/span><\/em><br \/><strong>Orquestra de Clarinetes da Universidade de Aveiro<\/strong><\/p><p>\u00a0<\/p><p>\u00a0<\/p><\/div>\n\t\t\t\t<\/div>\n\t\t\t\t<\/div>\n\t\t\t\t\t\t<\/div>\n\t\t\t\t\t<\/div>\n\t\t<\/div>\n\t\t\t\t\t\t\t\t<\/div>\n\t\t\t\t\t<\/div>\n\t\t<\/section>\n\t\t\t\t\t\t<\/div>\n\t\t\t\t\t\t<\/div>\n\t\t\t\t\t<\/div>\n\t\t","protected":false},"excerpt":{"rendered":"<p>CLARMEET.PORTO\u201921 10\u00ba Encontro Internacional de Clarinete da APC &#8211; 18 a 21 de dezembro &#8211;\u00a0 S\u00e1bado a segunda-feira , 18 [&hellip;]<\/p>\n","protected":false},"author":1,"featured_media":0,"parent":0,"menu_order":0,"comment_status":"closed","ping_status":"closed","template":"","meta":[],"_links":{"self":[{"href":"http:\/\/thsc.pt\/index.php?rest_route=\/wp\/v2\/pages\/3011"}],"collection":[{"href":"http:\/\/thsc.pt\/index.php?rest_route=\/wp\/v2\/pages"}],"about":[{"href":"http:\/\/thsc.pt\/index.php?rest_route=\/wp\/v2\/types\/page"}],"author":[{"embeddable":true,"href":"http:\/\/thsc.pt\/index.php?rest_route=\/wp\/v2\/users\/1"}],"replies":[{"embeddable":true,"href":"http:\/\/thsc.pt\/index.php?rest_route=%2Fwp%2Fv2%2Fcomments&post=3011"}],"version-history":[{"count":6,"href":"http:\/\/thsc.pt\/index.php?rest_route=\/wp\/v2\/pages\/3011\/revisions"}],"predecessor-version":[{"id":3029,"href":"http:\/\/thsc.pt\/index.php?rest_route=\/wp\/v2\/pages\/3011\/revisions\/3029"}],"wp:attachment":[{"href":"http:\/\/thsc.pt\/index.php?rest_route=%2Fwp%2Fv2%2Fmedia&parent=3011"}],"curies":[{"name":"wp","href":"https:\/\/api.w.org\/{rel}","templated":true}]}}